/*
Navicat MySQL Data Transfer

Source Server         : 本地-mysql
Source Server Version : 50726
Source Host           : 127.0.0.1:3306
Source Database       : qr

Target Server Type    : MYSQL
Target Server Version : 50726
File Encoding         : 65001

Date: 2026-01-20 16:15:58
*/


-- ----------------------------
-- Table structure for admin_extensions
-- ----------------------------
CREATE TABLE `admin_extensions` (
  `id` int(10) unsigned NOT NULL AUTO_INCREMENT,
  `name` varchar(100) COLLATE utf8mb4_unicode_ci NOT NULL,
  `version` varchar(20) COLLATE utf8mb4_unicode_ci NOT NULL DEFAULT '',
  `is_enabled` tinyint(4) NOT NULL DEFAULT '0',
  `options` text COLLATE utf8mb4_unicode_ci,
  `created_at` timestamp NULL DEFAULT NULL,
  `updated_at` timestamp NULL DEFAULT NULL,
  PRIMARY KEY (`id`),
  UNIQUE KEY `admin_extensions_name_unique` (`name`)
) ENGINE=InnoDB DEFAULT CHARSET=utf8mb4 COLLATE=utf8mb4_unicode_ci;

-- ----------------------------
-- Records of admin_extensions
-- ----------------------------

-- ----------------------------
-- Table structure for admin_extension_histories
-- ----------------------------
CREATE TABLE `admin_extension_histories` (
  `id` bigint(20) unsigned NOT NULL AUTO_INCREMENT,
  `name` varchar(100) COLLATE utf8mb4_unicode_ci NOT NULL,
  `type` tinyint(4) NOT NULL DEFAULT '1',
  `version` varchar(20) COLLATE utf8mb4_unicode_ci NOT NULL DEFAULT '0',
  `detail` text COLLATE utf8mb4_unicode_ci,
  `created_at` timestamp NULL DEFAULT NULL,
  `updated_at` timestamp NULL DEFAULT NULL,
  PRIMARY KEY (`id`),
  KEY `admin_extension_histories_name_index` (`name`)
) ENGINE=InnoDB DEFAULT CHARSET=utf8mb4 COLLATE=utf8mb4_unicode_ci;

-- ----------------------------
-- Records of admin_extension_histories
-- ----------------------------

-- ----------------------------
-- Table structure for admin_menu
-- ----------------------------
CREATE TABLE `admin_menu` (
  `id` bigint(20) unsigned NOT NULL AUTO_INCREMENT,
  `parent_id` bigint(20) NOT NULL DEFAULT '0',
  `order` int(11) NOT NULL DEFAULT '0',
  `title` varchar(50) COLLATE utf8mb4_unicode_ci NOT NULL,
  `icon` varchar(50) COLLATE utf8mb4_unicode_ci DEFAULT NULL,
  `uri` varchar(50) COLLATE utf8mb4_unicode_ci DEFAULT NULL,
  `extension` varchar(50) COLLATE utf8mb4_unicode_ci NOT NULL DEFAULT '',
  `show` tinyint(4) NOT NULL DEFAULT '1',
  `created_at` timestamp NULL DEFAULT NULL,
  `updated_at` timestamp NULL DEFAULT NULL,
  PRIMARY KEY (`id`)
) ENGINE=MyISAM AUTO_INCREMENT=10 DEFAULT CHARSET=utf8mb4 COLLATE=utf8mb4_unicode_ci;

-- ----------------------------
-- Records of admin_menu
-- ----------------------------
INSERT INTO `admin_menu` VALUES ('1', '0', '1', 'Index', 'feather icon-bar-chart-2', '/', '', '1', '2025-05-30 01:29:33', null);
INSERT INTO `admin_menu` VALUES ('2', '0', '2', 'Admin', 'feather icon-settings', null, '', '1', '2025-05-30 01:29:33', '2025-06-25 10:22:27');
INSERT INTO `admin_menu` VALUES ('3', '2', '3', 'Users', null, 'auth/users', '', '1', '2025-05-30 01:29:33', '2025-06-25 10:22:32');
INSERT INTO `admin_menu` VALUES ('4', '2', '4', 'Roles', '', 'auth/roles', '', '1', '2025-05-30 01:29:33', null);
INSERT INTO `admin_menu` VALUES ('5', '2', '5', 'Permission', '', 'auth/permissions', '', '1', '2025-05-30 01:29:33', null);
INSERT INTO `admin_menu` VALUES ('6', '2', '6', 'Menu', '', 'auth/menu', '', '1', '2025-05-30 01:29:33', null);
INSERT INTO `admin_menu` VALUES ('7', '2', '7', 'Extensions', null, 'auth/extensions', '', '1', '2025-05-30 01:29:33', '2025-06-25 10:22:41');
INSERT INTO `admin_menu` VALUES ('8', '0', '8', '订货会', 'fa-cloud-download', 'dh', '', '1', '2025-06-11 15:27:17', '2025-06-16 11:43:06');
INSERT INTO `admin_menu` VALUES ('9', '0', '9', '订货汇总', 'fa-bar-chart', 'hz', '', '1', '2025-06-16 11:46:59', '2025-06-25 16:40:27');

-- ----------------------------
-- Table structure for admin_permissions
-- ----------------------------
CREATE TABLE `admin_permissions` (
  `id` bigint(20) unsigned NOT NULL AUTO_INCREMENT,
  `name` varchar(50) COLLATE utf8mb4_unicode_ci NOT NULL,
  `slug` varchar(50) COLLATE utf8mb4_unicode_ci NOT NULL,
  `http_method` varchar(191) COLLATE utf8mb4_unicode_ci DEFAULT NULL,
  `http_path` text COLLATE utf8mb4_unicode_ci,
  `order` int(11) NOT NULL DEFAULT '0',
  `parent_id` bigint(20) NOT NULL DEFAULT '0',
  `created_at` timestamp NULL DEFAULT NULL,
  `updated_at` timestamp NULL DEFAULT NULL,
  PRIMARY KEY (`id`),
  UNIQUE KEY `admin_permissions_slug_unique` (`slug`)
) ENGINE=MyISAM AUTO_INCREMENT=8 DEFAULT CHARSET=utf8mb4 COLLATE=utf8mb4_unicode_ci;

-- ----------------------------
-- Records of admin_permissions
-- ----------------------------
INSERT INTO `admin_permissions` VALUES ('1', 'Auth management', 'auth-management', '', '', '1', '0', '2025-05-30 01:29:33', null);
INSERT INTO `admin_permissions` VALUES ('2', 'Users', 'users', '', '/auth/users*', '2', '1', '2025-05-30 01:29:33', null);
INSERT INTO `admin_permissions` VALUES ('3', 'Roles', 'roles', '', '/auth/roles*', '3', '1', '2025-05-30 01:29:33', null);
INSERT INTO `admin_permissions` VALUES ('4', 'Permissions', 'permissions', '', '/auth/permissions*', '4', '1', '2025-05-30 01:29:33', null);
INSERT INTO `admin_permissions` VALUES ('5', 'Menu', 'menu', '', '/auth/menu*', '5', '1', '2025-05-30 01:29:33', null);
INSERT INTO `admin_permissions` VALUES ('6', 'Extension', 'extension', '', '/auth/extensions*', '6', '1', '2025-05-30 01:29:33', null);
INSERT INTO `admin_permissions` VALUES ('7', '订货会', 'DHH', '', '/dh*,/searchYp*,/submit*,/hz*,/searchHz*,/searchMx*,/changesddm*', '7', '0', '2025-06-11 15:27:30', '2025-07-10 13:57:42');

-- ----------------------------
-- Table structure for admin_permission_menu
-- ----------------------------
CREATE TABLE `admin_permission_menu` (
  `permission_id` bigint(20) NOT NULL,
  `menu_id` bigint(20) NOT NULL,
  `created_at` timestamp NULL DEFAULT NULL,
  `updated_at` timestamp NULL DEFAULT NULL,
  UNIQUE KEY `admin_permission_menu_permission_id_menu_id_unique` (`permission_id`,`menu_id`)
) ENGINE=MyISAM DEFAULT CHARSET=utf8mb4 COLLATE=utf8mb4_unicode_ci;

-- ----------------------------
-- Records of admin_permission_menu
-- ----------------------------
INSERT INTO `admin_permission_menu` VALUES ('7', '8', '2025-06-11 15:27:34', '2025-06-11 15:27:34');
INSERT INTO `admin_permission_menu` VALUES ('7', '9', '2025-06-25 10:04:49', '2025-06-25 10:04:49');
INSERT INTO `admin_permission_menu` VALUES ('7', '1', '2025-06-25 10:04:49', '2025-06-25 10:04:49');

-- ----------------------------
-- Table structure for admin_roles
-- ----------------------------
CREATE TABLE `admin_roles` (
  `id` bigint(20) unsigned NOT NULL AUTO_INCREMENT,
  `name` varchar(50) COLLATE utf8mb4_unicode_ci NOT NULL,
  `slug` varchar(50) COLLATE utf8mb4_unicode_ci NOT NULL,
  `created_at` timestamp NULL DEFAULT NULL,
  `updated_at` timestamp NULL DEFAULT NULL,
  PRIMARY KEY (`id`),
  UNIQUE KEY `admin_roles_slug_unique` (`slug`)
) ENGINE=MyISAM AUTO_INCREMENT=3 DEFAULT CHARSET=utf8mb4 COLLATE=utf8mb4_unicode_ci;

-- ----------------------------
-- Records of admin_roles
-- ----------------------------
INSERT INTO `admin_roles` VALUES ('1', 'Administrator', 'administrator', '2025-05-30 01:29:33', '2025-05-30 01:29:33');
INSERT INTO `admin_roles` VALUES ('2', 'DHH', 'DHH', '2025-06-11 15:45:57', '2025-06-11 15:45:57');

-- ----------------------------
-- Table structure for admin_role_menu
-- ----------------------------
CREATE TABLE `admin_role_menu` (
  `role_id` bigint(20) NOT NULL,
  `menu_id` bigint(20) NOT NULL,
  `created_at` timestamp NULL DEFAULT NULL,
  `updated_at` timestamp NULL DEFAULT NULL,
  UNIQUE KEY `admin_role_menu_role_id_menu_id_unique` (`role_id`,`menu_id`)
) ENGINE=MyISAM DEFAULT CHARSET=utf8mb4 COLLATE=utf8mb4_unicode_ci;

-- ----------------------------
-- Records of admin_role_menu
-- ----------------------------
INSERT INTO `admin_role_menu` VALUES ('2', '1', '2025-06-11 15:30:12', '2025-06-11 15:30:12');
INSERT INTO `admin_role_menu` VALUES ('2', '8', '2025-06-11 15:30:12', '2025-06-11 15:30:12');
INSERT INTO `admin_role_menu` VALUES ('2', '9', '2025-06-25 09:59:48', '2025-06-25 09:59:48');
INSERT INTO `admin_role_menu` VALUES ('1', '1', '2025-06-25 10:12:23', '2025-06-25 10:12:23');
INSERT INTO `admin_role_menu` VALUES ('1', '2', '2025-06-25 10:12:23', '2025-06-25 10:12:23');
INSERT INTO `admin_role_menu` VALUES ('1', '3', '2025-06-25 10:12:23', '2025-06-25 10:12:23');
INSERT INTO `admin_role_menu` VALUES ('1', '4', '2025-06-25 10:12:23', '2025-06-25 10:12:23');
INSERT INTO `admin_role_menu` VALUES ('1', '5', '2025-06-25 10:12:23', '2025-06-25 10:12:23');
INSERT INTO `admin_role_menu` VALUES ('1', '6', '2025-06-25 10:12:23', '2025-06-25 10:12:23');
INSERT INTO `admin_role_menu` VALUES ('1', '7', '2025-06-25 10:12:23', '2025-06-25 10:12:23');
INSERT INTO `admin_role_menu` VALUES ('1', '8', '2025-06-25 10:22:23', '2025-06-25 10:22:23');
INSERT INTO `admin_role_menu` VALUES ('1', '9', '2025-06-25 10:12:23', '2025-06-25 10:12:23');

-- ----------------------------
-- Table structure for admin_role_permissions
-- ----------------------------
CREATE TABLE `admin_role_permissions` (
  `role_id` bigint(20) NOT NULL,
  `permission_id` bigint(20) NOT NULL,
  `created_at` timestamp NULL DEFAULT NULL,
  `updated_at` timestamp NULL DEFAULT NULL,
  UNIQUE KEY `admin_role_permissions_role_id_permission_id_unique` (`role_id`,`permission_id`)
) ENGINE=MyISAM DEFAULT CHARSET=utf8mb4 COLLATE=utf8mb4_unicode_ci;

-- ----------------------------
-- Records of admin_role_permissions
-- ----------------------------
INSERT INTO `admin_role_permissions` VALUES ('2', '7', '2025-06-11 15:30:12', '2025-06-11 15:30:12');
INSERT INTO `admin_role_permissions` VALUES ('3', '7', '2025-06-11 15:45:57', '2025-06-11 15:45:57');
INSERT INTO `admin_role_permissions` VALUES ('1', '2', '2025-06-25 10:12:23', '2025-06-25 10:12:23');
INSERT INTO `admin_role_permissions` VALUES ('1', '3', '2025-06-25 10:12:23', '2025-06-25 10:12:23');
INSERT INTO `admin_role_permissions` VALUES ('1', '4', '2025-06-25 10:12:23', '2025-06-25 10:12:23');
INSERT INTO `admin_role_permissions` VALUES ('1', '5', '2025-06-25 10:12:23', '2025-06-25 10:12:23');
INSERT INTO `admin_role_permissions` VALUES ('1', '6', '2025-06-25 10:12:23', '2025-06-25 10:12:23');
INSERT INTO `admin_role_permissions` VALUES ('1', '7', '2025-06-25 10:12:23', '2025-06-25 10:12:23');

-- ----------------------------
-- Table structure for admin_role_users
-- ----------------------------
CREATE TABLE `admin_role_users` (
  `role_id` bigint(20) NOT NULL,
  `user_id` bigint(20) NOT NULL,
  `created_at` timestamp NULL DEFAULT NULL,
  `updated_at` timestamp NULL DEFAULT NULL,
  UNIQUE KEY `admin_role_users_role_id_user_id_unique` (`role_id`,`user_id`)
) ENGINE=MyISAM DEFAULT CHARSET=utf8mb4 COLLATE=utf8mb4_unicode_ci;

-- ----------------------------
-- Records of admin_role_users
-- ----------------------------
INSERT INTO `admin_role_users` VALUES ('1', '1', '2025-06-12 11:10:16', '2025-06-12 11:10:18');
INSERT INTO `admin_role_users` VALUES ('2', '2', '2025-06-12 11:17:09', '2025-06-12 11:17:09');
INSERT INTO `admin_role_users` VALUES ('2', '3', '2025-06-12 11:17:09', '2025-06-12 11:17:09');
INSERT INTO `admin_role_users` VALUES ('2', '4', '2025-06-12 11:17:10', '2025-06-12 11:17:10');
INSERT INTO `admin_role_users` VALUES ('2', '5', '2025-06-12 11:17:10', '2025-06-12 11:17:10');
INSERT INTO `admin_role_users` VALUES ('2', '6', '2025-06-12 11:17:10', '2025-06-12 11:17:10');
INSERT INTO `admin_role_users` VALUES ('2', '7', '2025-06-12 11:17:10', '2025-06-12 11:17:10');
INSERT INTO `admin_role_users` VALUES ('2', '8', '2025-06-12 11:17:10', '2025-06-12 11:17:10');
INSERT INTO `admin_role_users` VALUES ('2', '9', '2025-06-12 11:17:10', '2025-06-12 11:17:10');
INSERT INTO `admin_role_users` VALUES ('2', '10', '2025-06-12 11:17:10', '2025-06-12 11:17:10');
INSERT INTO `admin_role_users` VALUES ('2', '11', '2025-06-12 11:17:10', '2025-06-12 11:17:10');
INSERT INTO `admin_role_users` VALUES ('2', '12', '2025-06-12 11:17:10', '2025-06-12 11:17:10');
INSERT INTO `admin_role_users` VALUES ('2', '13', '2025-06-12 11:17:10', '2025-06-12 11:17:10');
INSERT INTO `admin_role_users` VALUES ('2', '14', '2025-06-12 11:17:10', '2025-06-12 11:17:10');
INSERT INTO `admin_role_users` VALUES ('2', '15', '2025-06-12 11:17:10', '2025-06-12 11:17:10');
INSERT INTO `admin_role_users` VALUES ('2', '16', '2025-06-12 11:17:10', '2025-06-12 11:17:10');
INSERT INTO `admin_role_users` VALUES ('2', '17', '2025-06-12 11:17:10', '2025-06-12 11:17:10');
INSERT INTO `admin_role_users` VALUES ('2', '18', '2025-06-12 11:17:10', '2025-06-12 11:17:10');
INSERT INTO `admin_role_users` VALUES ('2', '19', '2025-06-12 11:17:10', '2025-06-12 11:17:10');
INSERT INTO `admin_role_users` VALUES ('2', '20', '2025-06-12 11:17:10', '2025-06-12 11:17:10');
INSERT INTO `admin_role_users` VALUES ('2', '21', '2025-06-12 11:17:11', '2025-06-12 11:17:11');
INSERT INTO `admin_role_users` VALUES ('2', '22', '2025-06-12 11:17:11', '2025-06-12 11:17:11');
INSERT INTO `admin_role_users` VALUES ('2', '23', '2025-06-12 11:17:11', '2025-06-12 11:17:11');
INSERT INTO `admin_role_users` VALUES ('2', '24', '2025-06-12 11:17:11', '2025-06-12 11:17:11');
INSERT INTO `admin_role_users` VALUES ('2', '25', '2025-06-12 11:17:11', '2025-06-12 11:17:11');
INSERT INTO `admin_role_users` VALUES ('2', '26', '2025-06-12 11:17:11', '2025-06-12 11:17:11');
INSERT INTO `admin_role_users` VALUES ('2', '27', '2025-06-12 11:17:11', '2025-06-12 11:17:11');
INSERT INTO `admin_role_users` VALUES ('2', '28', '2025-06-12 11:17:11', '2025-06-12 11:17:11');
INSERT INTO `admin_role_users` VALUES ('2', '29', '2025-06-12 11:17:11', '2025-06-12 11:17:11');
INSERT INTO `admin_role_users` VALUES ('2', '30', '2025-06-12 11:17:11', '2025-06-12 11:17:11');
INSERT INTO `admin_role_users` VALUES ('2', '31', '2025-06-12 11:17:11', '2025-06-12 11:17:11');
INSERT INTO `admin_role_users` VALUES ('2', '32', '2025-06-12 11:17:11', '2025-06-12 11:17:11');
INSERT INTO `admin_role_users` VALUES ('2', '33', '2025-06-12 11:17:11', '2025-06-12 11:17:11');
INSERT INTO `admin_role_users` VALUES ('2', '34', '2025-06-12 11:17:11', '2025-06-12 11:17:11');
INSERT INTO `admin_role_users` VALUES ('2', '35', '2025-06-12 11:17:11', '2025-06-12 11:17:11');
INSERT INTO `admin_role_users` VALUES ('2', '36', '2025-06-12 11:17:11', '2025-06-12 11:17:11');
INSERT INTO `admin_role_users` VALUES ('2', '37', '2025-06-12 11:17:11', '2025-06-12 11:17:11');
INSERT INTO `admin_role_users` VALUES ('2', '38', '2025-06-12 11:17:12', '2025-06-12 11:17:12');
INSERT INTO `admin_role_users` VALUES ('2', '39', '2025-06-12 11:17:12', '2025-06-12 11:17:12');
INSERT INTO `admin_role_users` VALUES ('2', '40', '2025-06-12 11:17:12', '2025-06-12 11:17:12');
INSERT INTO `admin_role_users` VALUES ('2', '41', '2025-06-12 11:17:12', '2025-06-12 11:17:12');
INSERT INTO `admin_role_users` VALUES ('2', '42', '2025-06-12 11:17:13', '2025-06-12 11:17:13');
INSERT INTO `admin_role_users` VALUES ('2', '43', '2025-06-12 11:17:13', '2025-06-12 11:17:13');
INSERT INTO `admin_role_users` VALUES ('2', '44', '2025-06-12 11:17:13', '2025-06-12 11:17:13');
INSERT INTO `admin_role_users` VALUES ('2', '45', '2025-06-12 11:17:13', '2025-06-12 11:17:13');
INSERT INTO `admin_role_users` VALUES ('2', '46', '2025-06-12 11:17:13', '2025-06-12 11:17:13');
INSERT INTO `admin_role_users` VALUES ('2', '47', '2025-06-12 11:17:13', '2025-06-12 11:17:13');
INSERT INTO `admin_role_users` VALUES ('2', '48', '2025-06-12 11:17:13', '2025-06-12 11:17:13');
INSERT INTO `admin_role_users` VALUES ('2', '49', '2025-06-12 11:17:13', '2025-06-12 11:17:13');
INSERT INTO `admin_role_users` VALUES ('2', '50', '2025-06-12 11:17:13', '2025-06-12 11:17:13');
INSERT INTO `admin_role_users` VALUES ('2', '51', '2025-06-12 11:17:13', '2025-06-12 11:17:13');
INSERT INTO `admin_role_users` VALUES ('2', '52', '2025-06-12 11:17:13', '2025-06-12 11:17:13');
INSERT INTO `admin_role_users` VALUES ('2', '53', '2025-06-12 11:17:13', '2025-06-12 11:17:13');
INSERT INTO `admin_role_users` VALUES ('2', '54', '2025-06-12 11:17:13', '2025-06-12 11:17:13');
INSERT INTO `admin_role_users` VALUES ('2', '55', '2025-06-12 11:17:13', '2025-06-12 11:17:13');
INSERT INTO `admin_role_users` VALUES ('2', '56', '2025-06-12 11:17:13', '2025-06-12 11:17:13');
INSERT INTO `admin_role_users` VALUES ('2', '57', '2025-06-12 11:17:13', '2025-06-12 11:17:13');
INSERT INTO `admin_role_users` VALUES ('2', '58', '2025-06-12 11:17:13', '2025-06-12 11:17:13');
INSERT INTO `admin_role_users` VALUES ('2', '59', '2025-06-12 11:17:14', '2025-06-12 11:17:14');
INSERT INTO `admin_role_users` VALUES ('2', '60', '2025-06-12 11:17:14', '2025-06-12 11:17:14');
INSERT INTO `admin_role_users` VALUES ('2', '61', '2025-06-12 11:17:14', '2025-06-12 11:17:14');
INSERT INTO `admin_role_users` VALUES ('2', '62', '2025-06-12 11:17:14', '2025-06-12 11:17:14');
INSERT INTO `admin_role_users` VALUES ('2', '63', '2025-06-12 11:17:14', '2025-06-12 11:17:14');
INSERT INTO `admin_role_users` VALUES ('2', '64', '2025-06-12 11:17:14', '2025-06-12 11:17:14');
INSERT INTO `admin_role_users` VALUES ('2', '65', '2025-06-12 11:17:14', '2025-06-12 11:17:14');
INSERT INTO `admin_role_users` VALUES ('2', '66', '2025-06-12 11:17:14', '2025-06-12 11:17:14');
INSERT INTO `admin_role_users` VALUES ('2', '67', '2025-06-12 11:17:14', '2025-06-12 11:17:14');
INSERT INTO `admin_role_users` VALUES ('2', '68', '2025-06-12 11:17:14', '2025-06-12 11:17:14');
INSERT INTO `admin_role_users` VALUES ('2', '69', '2025-06-12 11:17:14', '2025-06-12 11:17:14');
INSERT INTO `admin_role_users` VALUES ('2', '70', '2025-06-12 11:17:14', '2025-06-12 11:17:14');
INSERT INTO `admin_role_users` VALUES ('2', '71', '2025-06-12 11:17:14', '2025-06-12 11:17:14');
INSERT INTO `admin_role_users` VALUES ('2', '72', '2025-06-12 11:17:14', '2025-06-12 11:17:14');
INSERT INTO `admin_role_users` VALUES ('2', '73', '2025-06-12 11:17:14', '2025-06-12 11:17:14');
INSERT INTO `admin_role_users` VALUES ('2', '74', '2025-06-12 11:17:14', '2025-06-12 11:17:14');
INSERT INTO `admin_role_users` VALUES ('2', '75', '2025-06-12 11:17:14', '2025-06-12 11:17:14');
INSERT INTO `admin_role_users` VALUES ('2', '76', '2025-06-12 11:17:15', '2025-06-12 11:17:15');
INSERT INTO `admin_role_users` VALUES ('2', '77', '2025-06-12 11:17:15', '2025-06-12 11:17:15');
INSERT INTO `admin_role_users` VALUES ('2', '78', '2025-06-12 11:17:15', '2025-06-12 11:17:15');
INSERT INTO `admin_role_users` VALUES ('2', '79', '2025-06-12 11:17:15', '2025-06-12 11:17:15');
INSERT INTO `admin_role_users` VALUES ('2', '80', '2025-06-12 11:17:15', '2025-06-12 11:17:15');
INSERT INTO `admin_role_users` VALUES ('2', '81', '2025-06-12 11:17:15', '2025-06-12 11:17:15');
INSERT INTO `admin_role_users` VALUES ('2', '82', '2025-06-12 11:17:15', '2025-06-12 11:17:15');
INSERT INTO `admin_role_users` VALUES ('2', '83', '2025-06-12 11:17:15', '2025-06-12 11:17:15');
INSERT INTO `admin_role_users` VALUES ('2', '84', '2025-06-12 11:17:15', '2025-06-12 11:17:15');
INSERT INTO `admin_role_users` VALUES ('2', '85', '2025-06-12 11:17:15', '2025-06-12 11:17:15');
INSERT INTO `admin_role_users` VALUES ('2', '86', '2025-06-12 11:17:15', '2025-06-12 11:17:15');
INSERT INTO `admin_role_users` VALUES ('2', '87', '2025-06-12 11:17:15', '2025-06-12 11:17:15');
INSERT INTO `admin_role_users` VALUES ('2', '88', '2025-06-12 11:17:15', '2025-06-12 11:17:15');
INSERT INTO `admin_role_users` VALUES ('2', '89', '2025-06-12 11:17:15', '2025-06-12 11:17:15');
INSERT INTO `admin_role_users` VALUES ('2', '90', '2025-06-12 11:17:15', '2025-06-12 11:17:15');
INSERT INTO `admin_role_users` VALUES ('2', '91', '2025-06-12 11:17:15', '2025-06-12 11:17:15');
INSERT INTO `admin_role_users` VALUES ('2', '92', '2025-06-12 11:17:15', '2025-06-12 11:17:15');
INSERT INTO `admin_role_users` VALUES ('2', '93', '2025-06-12 11:17:16', '2025-06-12 11:17:16');
INSERT INTO `admin_role_users` VALUES ('2', '94', '2025-06-12 11:17:16', '2025-06-12 11:17:16');
INSERT INTO `admin_role_users` VALUES ('2', '95', '2025-06-12 11:17:16', '2025-06-12 11:17:16');
INSERT INTO `admin_role_users` VALUES ('2', '96', '2025-06-12 11:17:16', '2025-06-12 11:17:16');
INSERT INTO `admin_role_users` VALUES ('2', '97', '2025-06-12 11:17:16', '2025-06-12 11:17:16');
INSERT INTO `admin_role_users` VALUES ('2', '98', '2025-06-12 11:17:16', '2025-06-12 11:17:16');
INSERT INTO `admin_role_users` VALUES ('2', '99', '2025-06-12 11:17:16', '2025-06-12 11:17:16');
INSERT INTO `admin_role_users` VALUES ('2', '100', '2025-06-12 11:17:16', '2025-06-12 11:17:16');
INSERT INTO `admin_role_users` VALUES ('2', '101', '2025-06-12 11:17:16', '2025-06-12 11:17:16');
INSERT INTO `admin_role_users` VALUES ('2', '102', '2025-06-12 11:17:16', '2025-06-12 11:17:16');
INSERT INTO `admin_role_users` VALUES ('2', '103', '2025-06-12 11:17:16', '2025-06-12 11:17:16');
INSERT INTO `admin_role_users` VALUES ('2', '104', '2025-06-12 11:17:16', '2025-06-12 11:17:16');
INSERT INTO `admin_role_users` VALUES ('2', '105', '2025-06-12 11:17:16', '2025-06-12 11:17:16');
INSERT INTO `admin_role_users` VALUES ('2', '106', '2025-06-12 11:17:16', '2025-06-12 11:17:16');
INSERT INTO `admin_role_users` VALUES ('2', '107', '2025-06-12 11:17:16', '2025-06-12 11:17:16');
INSERT INTO `admin_role_users` VALUES ('2', '108', '2025-06-12 11:17:16', '2025-06-12 11:17:16');
INSERT INTO `admin_role_users` VALUES ('2', '109', '2025-06-12 11:17:16', '2025-06-12 11:17:16');
INSERT INTO `admin_role_users` VALUES ('2', '110', '2025-06-12 11:17:17', '2025-06-12 11:17:17');
INSERT INTO `admin_role_users` VALUES ('2', '111', '2025-06-12 11:17:17', '2025-06-12 11:17:17');
INSERT INTO `admin_role_users` VALUES ('2', '112', '2025-06-12 11:17:17', '2025-06-12 11:17:17');
INSERT INTO `admin_role_users` VALUES ('2', '113', '2025-06-12 11:17:17', '2025-06-12 11:17:17');
INSERT INTO `admin_role_users` VALUES ('2', '114', '2025-06-12 11:17:17', '2025-06-12 11:17:17');
INSERT INTO `admin_role_users` VALUES ('2', '115', '2025-06-12 11:17:17', '2025-06-12 11:17:17');
INSERT INTO `admin_role_users` VALUES ('2', '116', '2025-06-12 11:17:17', '2025-06-12 11:17:17');
INSERT INTO `admin_role_users` VALUES ('2', '117', '2025-06-12 11:17:17', '2025-06-12 11:17:17');
INSERT INTO `admin_role_users` VALUES ('2', '118', '2025-06-12 11:17:17', '2025-06-12 11:17:17');
INSERT INTO `admin_role_users` VALUES ('2', '119', '2025-06-12 11:17:17', '2025-06-12 11:17:17');
INSERT INTO `admin_role_users` VALUES ('2', '120', '2025-06-12 11:17:17', '2025-06-12 11:17:17');
INSERT INTO `admin_role_users` VALUES ('2', '121', '2025-06-12 11:17:17', '2025-06-12 11:17:17');
INSERT INTO `admin_role_users` VALUES ('2', '122', '2025-06-12 11:17:17', '2025-06-12 11:17:17');
INSERT INTO `admin_role_users` VALUES ('2', '123', '2025-06-12 11:17:17', '2025-06-12 11:17:17');
INSERT INTO `admin_role_users` VALUES ('2', '124', '2025-06-12 11:17:17', '2025-06-12 11:17:17');
INSERT INTO `admin_role_users` VALUES ('2', '125', '2025-06-12 11:17:17', '2025-06-12 11:17:17');
INSERT INTO `admin_role_users` VALUES ('2', '126', '2025-06-12 11:17:17', '2025-06-12 11:17:17');
INSERT INTO `admin_role_users` VALUES ('2', '127', '2025-06-12 11:17:17', '2025-06-12 11:17:17');
INSERT INTO `admin_role_users` VALUES ('2', '128', '2025-06-12 11:17:18', '2025-06-12 11:17:18');
INSERT INTO `admin_role_users` VALUES ('2', '129', '2025-06-12 11:17:18', '2025-06-12 11:17:18');
INSERT INTO `admin_role_users` VALUES ('2', '130', '2025-06-12 11:17:18', '2025-06-12 11:17:18');
INSERT INTO `admin_role_users` VALUES ('2', '131', '2025-06-12 11:17:18', '2025-06-12 11:17:18');
INSERT INTO `admin_role_users` VALUES ('2', '132', '2025-06-12 11:17:18', '2025-06-12 11:17:18');
INSERT INTO `admin_role_users` VALUES ('2', '133', '2025-06-12 11:17:18', '2025-06-12 11:17:18');
INSERT INTO `admin_role_users` VALUES ('2', '134', '2025-06-12 11:17:18', '2025-06-12 11:17:18');
INSERT INTO `admin_role_users` VALUES ('2', '135', '2025-06-12 11:17:18', '2025-06-12 11:17:18');
INSERT INTO `admin_role_users` VALUES ('2', '136', '2025-06-12 11:17:18', '2025-06-12 11:17:18');
INSERT INTO `admin_role_users` VALUES ('2', '137', '2025-06-12 11:17:18', '2025-06-12 11:17:18');
INSERT INTO `admin_role_users` VALUES ('2', '138', '2025-06-12 11:17:18', '2025-06-12 11:17:18');
INSERT INTO `admin_role_users` VALUES ('2', '139', '2025-06-12 11:17:18', '2025-06-12 11:17:18');
INSERT INTO `admin_role_users` VALUES ('2', '140', '2025-06-12 11:17:18', '2025-06-12 11:17:18');
INSERT INTO `admin_role_users` VALUES ('2', '141', '2025-06-12 11:17:18', '2025-06-12 11:17:18');
INSERT INTO `admin_role_users` VALUES ('2', '142', '2025-06-12 11:17:18', '2025-06-12 11:17:18');
INSERT INTO `admin_role_users` VALUES ('2', '143', '2025-06-12 11:17:18', '2025-06-12 11:17:18');
INSERT INTO `admin_role_users` VALUES ('2', '144', '2025-06-12 11:17:18', '2025-06-12 11:17:18');
INSERT INTO `admin_role_users` VALUES ('2', '145', '2025-06-12 11:17:19', '2025-06-12 11:17:19');
INSERT INTO `admin_role_users` VALUES ('2', '146', '2025-06-12 11:17:19', '2025-06-12 11:17:19');
INSERT INTO `admin_role_users` VALUES ('2', '147', '2025-06-12 11:17:19', '2025-06-12 11:17:19');
INSERT INTO `admin_role_users` VALUES ('2', '148', '2025-06-12 11:17:19', '2025-06-12 11:17:19');
INSERT INTO `admin_role_users` VALUES ('2', '149', '2025-06-12 11:17:19', '2025-06-12 11:17:19');
INSERT INTO `admin_role_users` VALUES ('2', '150', '2025-06-12 11:17:19', '2025-06-12 11:17:19');
INSERT INTO `admin_role_users` VALUES ('2', '151', '2025-06-12 11:17:19', '2025-06-12 11:17:19');
INSERT INTO `admin_role_users` VALUES ('2', '152', '2025-06-12 11:17:19', '2025-06-12 11:17:19');
INSERT INTO `admin_role_users` VALUES ('2', '153', '2025-06-12 11:17:19', '2025-06-12 11:17:19');
INSERT INTO `admin_role_users` VALUES ('2', '154', '2025-06-12 11:17:19', '2025-06-12 11:17:19');
INSERT INTO `admin_role_users` VALUES ('2', '155', '2025-06-12 11:17:19', '2025-06-12 11:17:19');
INSERT INTO `admin_role_users` VALUES ('2', '156', '2025-06-12 11:17:19', '2025-06-12 11:17:19');
INSERT INTO `admin_role_users` VALUES ('2', '157', '2025-06-12 11:17:19', '2025-06-12 11:17:19');
INSERT INTO `admin_role_users` VALUES ('2', '158', '2025-06-12 11:17:19', '2025-06-12 11:17:19');
INSERT INTO `admin_role_users` VALUES ('2', '159', '2025-06-12 11:17:19', '2025-06-12 11:17:19');
INSERT INTO `admin_role_users` VALUES ('2', '160', '2025-06-12 11:17:19', '2025-06-12 11:17:19');
INSERT INTO `admin_role_users` VALUES ('2', '161', '2025-06-12 11:17:19', '2025-06-12 11:17:19');
INSERT INTO `admin_role_users` VALUES ('2', '162', '2025-06-12 11:17:20', '2025-06-12 11:17:20');
INSERT INTO `admin_role_users` VALUES ('2', '163', '2025-06-12 11:17:20', '2025-06-12 11:17:20');
INSERT INTO `admin_role_users` VALUES ('2', '164', '2025-06-12 11:17:20', '2025-06-12 11:17:20');
INSERT INTO `admin_role_users` VALUES ('2', '165', '2025-06-12 11:17:20', '2025-06-12 11:17:20');
INSERT INTO `admin_role_users` VALUES ('2', '166', '2025-06-12 11:17:20', '2025-06-12 11:17:20');
INSERT INTO `admin_role_users` VALUES ('2', '167', '2025-06-12 11:17:20', '2025-06-12 11:17:20');
INSERT INTO `admin_role_users` VALUES ('2', '168', '2025-06-12 11:17:20', '2025-06-12 11:17:20');
INSERT INTO `admin_role_users` VALUES ('2', '169', '2025-06-12 11:17:20', '2025-06-12 11:17:20');
INSERT INTO `admin_role_users` VALUES ('2', '170', '2025-06-12 11:17:20', '2025-06-12 11:17:20');
INSERT INTO `admin_role_users` VALUES ('2', '171', '2025-06-12 11:17:20', '2025-06-12 11:17:20');
INSERT INTO `admin_role_users` VALUES ('2', '172', '2025-06-12 11:17:20', '2025-06-12 11:17:20');
INSERT INTO `admin_role_users` VALUES ('2', '173', '2025-06-12 11:17:20', '2025-06-12 11:17:20');
INSERT INTO `admin_role_users` VALUES ('2', '174', '2025-06-12 11:17:20', '2025-06-12 11:17:20');
INSERT INTO `admin_role_users` VALUES ('2', '175', '2025-06-12 11:17:20', '2025-06-12 11:17:20');
INSERT INTO `admin_role_users` VALUES ('2', '176', '2025-06-12 11:17:20', '2025-06-12 11:17:20');
INSERT INTO `admin_role_users` VALUES ('2', '177', '2025-06-12 11:17:20', '2025-06-12 11:17:20');
INSERT INTO `admin_role_users` VALUES ('2', '178', '2025-06-12 11:17:20', '2025-06-12 11:17:20');
INSERT INTO `admin_role_users` VALUES ('2', '179', '2025-06-12 11:17:20', '2025-06-12 11:17:20');
INSERT INTO `admin_role_users` VALUES ('2', '180', '2025-06-12 11:17:21', '2025-06-12 11:17:21');
INSERT INTO `admin_role_users` VALUES ('2', '181', '2025-06-12 11:17:21', '2025-06-12 11:17:21');
INSERT INTO `admin_role_users` VALUES ('2', '182', '2025-06-12 11:17:21', '2025-06-12 11:17:21');
INSERT INTO `admin_role_users` VALUES ('2', '183', '2025-06-12 11:17:21', '2025-06-12 11:17:21');
INSERT INTO `admin_role_users` VALUES ('2', '184', '2025-06-12 11:17:21', '2025-06-12 11:17:21');
INSERT INTO `admin_role_users` VALUES ('2', '185', '2025-06-12 11:17:21', '2025-06-12 11:17:21');
INSERT INTO `admin_role_users` VALUES ('2', '186', '2025-06-12 11:17:21', '2025-06-12 11:17:21');
INSERT INTO `admin_role_users` VALUES ('2', '187', '2025-06-12 11:17:21', '2025-06-12 11:17:21');
INSERT INTO `admin_role_users` VALUES ('2', '188', '2025-06-12 11:17:21', '2025-06-12 11:17:21');
INSERT INTO `admin_role_users` VALUES ('2', '189', '2025-06-12 11:17:21', '2025-06-12 11:17:21');
INSERT INTO `admin_role_users` VALUES ('2', '190', '2025-06-12 11:17:21', '2025-06-12 11:17:21');
INSERT INTO `admin_role_users` VALUES ('2', '191', '2025-06-12 11:17:21', '2025-06-12 11:17:21');
INSERT INTO `admin_role_users` VALUES ('2', '192', '2025-06-12 11:17:21', '2025-06-12 11:17:21');
INSERT INTO `admin_role_users` VALUES ('2', '193', '2025-06-12 11:17:21', '2025-06-12 11:17:21');
INSERT INTO `admin_role_users` VALUES ('2', '194', '2025-06-12 11:17:21', '2025-06-12 11:17:21');
INSERT INTO `admin_role_users` VALUES ('2', '195', '2025-06-12 11:17:21', '2025-06-12 11:17:21');
INSERT INTO `admin_role_users` VALUES ('2', '196', '2025-06-12 11:17:21', '2025-06-12 11:17:21');
INSERT INTO `admin_role_users` VALUES ('2', '197', '2025-06-12 11:17:22', '2025-06-12 11:17:22');
INSERT INTO `admin_role_users` VALUES ('2', '198', '2025-06-12 11:17:22', '2025-06-12 11:17:22');
INSERT INTO `admin_role_users` VALUES ('2', '199', '2025-06-12 11:17:22', '2025-06-12 11:17:22');
INSERT INTO `admin_role_users` VALUES ('2', '200', '2025-06-12 11:17:22', '2025-06-12 11:17:22');
INSERT INTO `admin_role_users` VALUES ('2', '201', '2025-06-12 11:17:22', '2025-06-12 11:17:22');
INSERT INTO `admin_role_users` VALUES ('2', '202', '2025-06-12 11:17:22', '2025-06-12 11:17:22');
INSERT INTO `admin_role_users` VALUES ('2', '203', '2025-06-12 11:17:22', '2025-06-12 11:17:22');
INSERT INTO `admin_role_users` VALUES ('2', '204', '2025-06-12 11:17:22', '2025-06-12 11:17:22');
INSERT INTO `admin_role_users` VALUES ('2', '205', '2025-06-12 11:17:22', '2025-06-12 11:17:22');
INSERT INTO `admin_role_users` VALUES ('2', '206', '2025-06-12 11:17:22', '2025-06-12 11:17:22');
INSERT INTO `admin_role_users` VALUES ('2', '207', '2025-06-12 11:17:22', '2025-06-12 11:17:22');
INSERT INTO `admin_role_users` VALUES ('2', '208', '2025-06-12 11:17:22', '2025-06-12 11:17:22');
INSERT INTO `admin_role_users` VALUES ('2', '209', '2025-06-12 11:17:22', '2025-06-12 11:17:22');
INSERT INTO `admin_role_users` VALUES ('2', '210', '2025-06-12 11:17:22', '2025-06-12 11:17:22');
INSERT INTO `admin_role_users` VALUES ('2', '211', '2025-06-12 11:17:22', '2025-06-12 11:17:22');
INSERT INTO `admin_role_users` VALUES ('2', '212', '2025-06-12 11:17:22', '2025-06-12 11:17:22');
INSERT INTO `admin_role_users` VALUES ('2', '213', '2025-06-12 11:17:22', '2025-06-12 11:17:22');
INSERT INTO `admin_role_users` VALUES ('2', '214', '2025-06-12 11:17:23', '2025-06-12 11:17:23');
INSERT INTO `admin_role_users` VALUES ('2', '215', '2025-06-12 11:17:23', '2025-06-12 11:17:23');
INSERT INTO `admin_role_users` VALUES ('2', '216', '2025-06-12 11:17:23', '2025-06-12 11:17:23');
INSERT INTO `admin_role_users` VALUES ('2', '217', '2025-06-12 11:17:23', '2025-06-12 11:17:23');
INSERT INTO `admin_role_users` VALUES ('2', '218', '2025-06-12 11:17:23', '2025-06-12 11:17:23');
INSERT INTO `admin_role_users` VALUES ('2', '219', '2025-06-12 11:17:23', '2025-06-12 11:17:23');
INSERT INTO `admin_role_users` VALUES ('2', '220', '2025-06-12 11:17:23', '2025-06-12 11:17:23');
INSERT INTO `admin_role_users` VALUES ('2', '221', '2025-06-12 11:17:23', '2025-06-12 11:17:23');
INSERT INTO `admin_role_users` VALUES ('2', '222', '2025-06-12 11:17:23', '2025-06-12 11:17:23');
INSERT INTO `admin_role_users` VALUES ('2', '223', '2025-06-12 11:17:23', '2025-06-12 11:17:23');
INSERT INTO `admin_role_users` VALUES ('2', '224', '2025-06-12 11:17:23', '2025-06-12 11:17:23');
INSERT INTO `admin_role_users` VALUES ('2', '225', '2025-06-12 11:17:23', '2025-06-12 11:17:23');
INSERT INTO `admin_role_users` VALUES ('2', '226', '2025-06-12 11:17:23', '2025-06-12 11:17:23');
INSERT INTO `admin_role_users` VALUES ('2', '227', '2025-06-12 11:17:23', '2025-06-12 11:17:23');
INSERT INTO `admin_role_users` VALUES ('2', '228', '2025-06-12 11:17:23', '2025-06-12 11:17:23');
INSERT INTO `admin_role_users` VALUES ('2', '229', '2025-06-12 11:17:23', '2025-06-12 11:17:23');
INSERT INTO `admin_role_users` VALUES ('2', '230', '2025-06-12 11:17:23', '2025-06-12 11:17:23');
INSERT INTO `admin_role_users` VALUES ('2', '231', '2025-06-12 11:17:23', '2025-06-12 11:17:23');
INSERT INTO `admin_role_users` VALUES ('2', '232', '2025-06-12 11:17:24', '2025-06-12 11:17:24');
INSERT INTO `admin_role_users` VALUES ('2', '233', '2025-06-12 11:17:24', '2025-06-12 11:17:24');
INSERT INTO `admin_role_users` VALUES ('2', '234', '2025-06-12 11:17:24', '2025-06-12 11:17:24');
INSERT INTO `admin_role_users` VALUES ('2', '235', '2025-06-12 11:17:24', '2025-06-12 11:17:24');
INSERT INTO `admin_role_users` VALUES ('2', '236', '2025-06-12 11:17:24', '2025-06-12 11:17:24');
INSERT INTO `admin_role_users` VALUES ('2', '237', '2025-06-12 11:17:24', '2025-06-12 11:17:24');
INSERT INTO `admin_role_users` VALUES ('2', '238', '2025-06-12 11:17:24', '2025-06-12 11:17:24');
INSERT INTO `admin_role_users` VALUES ('2', '239', '2025-06-12 11:17:24', '2025-06-12 11:17:24');
INSERT INTO `admin_role_users` VALUES ('2', '240', '2025-06-12 11:17:24', '2025-06-12 11:17:24');
INSERT INTO `admin_role_users` VALUES ('2', '241', '2025-06-12 11:17:24', '2025-06-12 11:17:24');
INSERT INTO `admin_role_users` VALUES ('2', '242', '2025-06-12 11:17:24', '2025-06-12 11:17:24');
INSERT INTO `admin_role_users` VALUES ('2', '243', '2025-06-12 11:17:24', '2025-06-12 11:17:24');
INSERT INTO `admin_role_users` VALUES ('2', '244', '2025-06-12 11:17:24', '2025-06-12 11:17:24');
INSERT INTO `admin_role_users` VALUES ('2', '245', '2025-06-12 11:17:24', '2025-06-12 11:17:24');
INSERT INTO `admin_role_users` VALUES ('2', '246', '2025-06-12 11:17:24', '2025-06-12 11:17:24');
INSERT INTO `admin_role_users` VALUES ('2', '247', '2025-06-12 11:17:24', '2025-06-12 11:17:24');
INSERT INTO `admin_role_users` VALUES ('2', '248', '2025-06-12 11:17:24', '2025-06-12 11:17:24');
INSERT INTO `admin_role_users` VALUES ('2', '249', '2025-06-12 11:17:25', '2025-06-12 11:17:25');
INSERT INTO `admin_role_users` VALUES ('2', '250', '2025-06-12 11:17:25', '2025-06-12 11:17:25');
INSERT INTO `admin_role_users` VALUES ('2', '251', '2025-06-12 11:17:25', '2025-06-12 11:17:25');
INSERT INTO `admin_role_users` VALUES ('2', '252', '2025-06-12 11:17:25', '2025-06-12 11:17:25');
INSERT INTO `admin_role_users` VALUES ('2', '253', '2025-06-12 11:17:25', '2025-06-12 11:17:25');
INSERT INTO `admin_role_users` VALUES ('2', '254', '2025-06-12 11:17:25', '2025-06-12 11:17:25');
INSERT INTO `admin_role_users` VALUES ('2', '255', '2025-06-12 11:17:25', '2025-06-12 11:17:25');
INSERT INTO `admin_role_users` VALUES ('2', '256', '2025-06-12 11:17:25', '2025-06-12 11:17:25');
INSERT INTO `admin_role_users` VALUES ('2', '257', '2025-06-12 11:17:25', '2025-06-12 11:17:25');
INSERT INTO `admin_role_users` VALUES ('2', '258', '2025-06-12 11:17:25', '2025-06-12 11:17:25');
INSERT INTO `admin_role_users` VALUES ('2', '259', '2025-06-12 11:17:25', '2025-06-12 11:17:25');
INSERT INTO `admin_role_users` VALUES ('2', '260', '2025-06-12 11:17:25', '2025-06-12 11:17:25');
INSERT INTO `admin_role_users` VALUES ('2', '261', '2025-06-12 11:17:25', '2025-06-12 11:17:25');
INSERT INTO `admin_role_users` VALUES ('2', '262', '2025-06-12 11:17:25', '2025-06-12 11:17:25');
INSERT INTO `admin_role_users` VALUES ('2', '263', '2025-06-12 11:17:25', '2025-06-12 11:17:25');
INSERT INTO `admin_role_users` VALUES ('2', '264', '2025-06-12 11:17:25', '2025-06-12 11:17:25');
INSERT INTO `admin_role_users` VALUES ('2', '265', '2025-06-12 11:17:25', '2025-06-12 11:17:25');
INSERT INTO `admin_role_users` VALUES ('2', '266', '2025-06-12 11:17:26', '2025-06-12 11:17:26');
INSERT INTO `admin_role_users` VALUES ('2', '267', '2025-06-12 11:17:26', '2025-06-12 11:17:26');
INSERT INTO `admin_role_users` VALUES ('2', '268', '2025-06-12 11:17:26', '2025-06-12 11:17:26');
INSERT INTO `admin_role_users` VALUES ('2', '269', '2025-06-12 11:17:26', '2025-06-12 11:17:26');
INSERT INTO `admin_role_users` VALUES ('2', '270', '2025-06-12 11:17:26', '2025-06-12 11:17:26');
INSERT INTO `admin_role_users` VALUES ('2', '271', '2025-06-12 11:17:26', '2025-06-12 11:17:26');
INSERT INTO `admin_role_users` VALUES ('2', '272', '2025-06-12 11:17:26', '2025-06-12 11:17:26');
INSERT INTO `admin_role_users` VALUES ('2', '273', '2025-06-12 11:17:26', '2025-06-12 11:17:26');
INSERT INTO `admin_role_users` VALUES ('2', '274', '2025-06-12 11:17:26', '2025-06-12 11:17:26');
INSERT INTO `admin_role_users` VALUES ('2', '275', '2025-06-12 11:17:26', '2025-06-12 11:17:26');
INSERT INTO `admin_role_users` VALUES ('2', '276', '2025-06-12 11:17:26', '2025-06-12 11:17:26');
INSERT INTO `admin_role_users` VALUES ('2', '277', '2025-06-12 11:17:26', '2025-06-12 11:17:26');
INSERT INTO `admin_role_users` VALUES ('2', '278', '2025-06-12 11:17:26', '2025-06-12 11:17:26');
INSERT INTO `admin_role_users` VALUES ('2', '279', '2025-06-12 11:17:26', '2025-06-12 11:17:26');
INSERT INTO `admin_role_users` VALUES ('2', '280', '2025-06-12 11:17:26', '2025-06-12 11:17:26');
INSERT INTO `admin_role_users` VALUES ('2', '281', '2025-06-12 11:17:26', '2025-06-12 11:17:26');
INSERT INTO `admin_role_users` VALUES ('2', '282', '2025-06-12 11:17:26', '2025-06-12 11:17:26');
INSERT INTO `admin_role_users` VALUES ('2', '283', '2025-06-12 11:17:27', '2025-06-12 11:17:27');
INSERT INTO `admin_role_users` VALUES ('2', '284', '2025-06-12 11:17:27', '2025-06-12 11:17:27');
INSERT INTO `admin_role_users` VALUES ('2', '285', '2025-06-12 11:17:27', '2025-06-12 11:17:27');
INSERT INTO `admin_role_users` VALUES ('2', '286', '2025-06-12 11:17:27', '2025-06-12 11:17:27');
INSERT INTO `admin_role_users` VALUES ('2', '287', '2025-06-12 11:17:27', '2025-06-12 11:17:27');
INSERT INTO `admin_role_users` VALUES ('2', '288', '2025-06-12 11:17:27', '2025-06-12 11:17:27');
INSERT INTO `admin_role_users` VALUES ('2', '289', '2025-06-12 11:17:27', '2025-06-12 11:17:27');
INSERT INTO `admin_role_users` VALUES ('2', '290', '2025-06-12 11:17:27', '2025-06-12 11:17:27');
INSERT INTO `admin_role_users` VALUES ('2', '291', '2025-06-12 11:17:27', '2025-06-12 11:17:27');
INSERT INTO `admin_role_users` VALUES ('2', '292', '2025-06-12 11:17:27', '2025-06-12 11:17:27');
INSERT INTO `admin_role_users` VALUES ('2', '293', '2025-06-12 11:17:27', '2025-06-12 11:17:27');
INSERT INTO `admin_role_users` VALUES ('2', '294', '2025-06-12 11:17:27', '2025-06-12 11:17:27');
INSERT INTO `admin_role_users` VALUES ('2', '295', '2025-06-12 11:17:27', '2025-06-12 11:17:27');
INSERT INTO `admin_role_users` VALUES ('2', '296', '2025-06-12 11:17:27', '2025-06-12 11:17:27');
INSERT INTO `admin_role_users` VALUES ('2', '297', '2025-06-12 11:17:27', '2025-06-12 11:17:27');
INSERT INTO `admin_role_users` VALUES ('2', '298', '2025-06-12 11:17:27', '2025-06-12 11:17:27');
INSERT INTO `admin_role_users` VALUES ('2', '299', '2025-06-12 11:17:27', '2025-06-12 11:17:27');
INSERT INTO `admin_role_users` VALUES ('2', '300', '2025-06-12 11:17:27', '2025-06-12 11:17:27');
INSERT INTO `admin_role_users` VALUES ('2', '301', '2025-06-12 11:17:28', '2025-06-12 11:17:28');
INSERT INTO `admin_role_users` VALUES ('2', '302', '2025-06-12 11:17:28', '2025-06-12 11:17:28');
INSERT INTO `admin_role_users` VALUES ('2', '303', '2025-06-12 11:17:28', '2025-06-12 11:17:28');
INSERT INTO `admin_role_users` VALUES ('2', '304', '2025-06-12 11:17:28', '2025-06-12 11:17:28');
INSERT INTO `admin_role_users` VALUES ('2', '305', '2025-06-12 11:17:28', '2025-06-12 11:17:28');
INSERT INTO `admin_role_users` VALUES ('2', '306', '2025-06-12 11:17:28', '2025-06-12 11:17:28');
INSERT INTO `admin_role_users` VALUES ('2', '307', '2025-06-12 11:17:28', '2025-06-12 11:17:28');
INSERT INTO `admin_role_users` VALUES ('2', '308', '2025-06-12 11:17:28', '2025-06-12 11:17:28');
INSERT INTO `admin_role_users` VALUES ('2', '309', '2025-06-12 11:17:28', '2025-06-12 11:17:28');
INSERT INTO `admin_role_users` VALUES ('2', '310', '2025-06-12 11:17:28', '2025-06-12 11:17:28');
INSERT INTO `admin_role_users` VALUES ('2', '311', '2025-06-12 11:17:28', '2025-06-12 11:17:28');
INSERT INTO `admin_role_users` VALUES ('2', '312', '2025-06-12 11:17:28', '2025-06-12 11:17:28');
INSERT INTO `admin_role_users` VALUES ('2', '313', '2025-06-12 11:17:28', '2025-06-12 11:17:28');
INSERT INTO `admin_role_users` VALUES ('2', '314', '2025-06-12 11:17:28', '2025-06-12 11:17:28');
INSERT INTO `admin_role_users` VALUES ('2', '315', '2025-06-12 11:17:28', '2025-06-12 11:17:28');
INSERT INTO `admin_role_users` VALUES ('2', '316', '2025-06-12 11:17:28', '2025-06-12 11:17:28');
INSERT INTO `admin_role_users` VALUES ('2', '317', '2025-06-12 11:17:28', '2025-06-12 11:17:28');
INSERT INTO `admin_role_users` VALUES ('2', '318', '2025-06-12 11:17:29', '2025-06-12 11:17:29');
INSERT INTO `admin_role_users` VALUES ('2', '319', '2025-06-12 11:17:29', '2025-06-12 11:17:29');
INSERT INTO `admin_role_users` VALUES ('2', '320', '2025-06-12 11:17:29', '2025-06-12 11:17:29');
INSERT INTO `admin_role_users` VALUES ('2', '321', '2025-06-12 11:17:29', '2025-06-12 11:17:29');
INSERT INTO `admin_role_users` VALUES ('2', '322', '2025-06-12 11:17:29', '2025-06-12 11:17:29');
INSERT INTO `admin_role_users` VALUES ('2', '323', '2025-06-12 11:17:29', '2025-06-12 11:17:29');
INSERT INTO `admin_role_users` VALUES ('2', '324', '2025-06-12 11:17:29', '2025-06-12 11:17:29');
INSERT INTO `admin_role_users` VALUES ('2', '325', '2025-06-12 11:17:29', '2025-06-12 11:17:29');
INSERT INTO `admin_role_users` VALUES ('2', '326', '2025-06-12 11:17:29', '2025-06-12 11:17:29');
INSERT INTO `admin_role_users` VALUES ('2', '327', '2025-06-12 11:17:29', '2025-06-12 11:17:29');
INSERT INTO `admin_role_users` VALUES ('2', '328', '2025-06-12 11:17:29', '2025-06-12 11:17:29');
INSERT INTO `admin_role_users` VALUES ('2', '329', '2025-06-12 11:17:29', '2025-06-12 11:17:29');
INSERT INTO `admin_role_users` VALUES ('2', '330', '2025-06-12 11:17:29', '2025-06-12 11:17:29');
INSERT INTO `admin_role_users` VALUES ('2', '331', '2025-06-12 11:17:29', '2025-06-12 11:17:29');
INSERT INTO `admin_role_users` VALUES ('2', '332', '2025-06-12 11:17:29', '2025-06-12 11:17:29');
INSERT INTO `admin_role_users` VALUES ('2', '333', '2025-06-12 11:17:29', '2025-06-12 11:17:29');
INSERT INTO `admin_role_users` VALUES ('2', '334', '2025-06-12 11:17:29', '2025-06-12 11:17:29');
INSERT INTO `admin_role_users` VALUES ('2', '335', '2025-06-12 11:17:30', '2025-06-12 11:17:30');
INSERT INTO `admin_role_users` VALUES ('2', '336', '2025-06-12 11:17:30', '2025-06-12 11:17:30');
INSERT INTO `admin_role_users` VALUES ('2', '337', '2025-06-12 11:17:30', '2025-06-12 11:17:30');
INSERT INTO `admin_role_users` VALUES ('2', '338', '2025-06-12 11:17:30', '2025-06-12 11:17:30');
INSERT INTO `admin_role_users` VALUES ('2', '339', '2025-06-12 11:17:30', '2025-06-12 11:17:30');
INSERT INTO `admin_role_users` VALUES ('2', '340', '2025-06-12 11:17:30', '2025-06-12 11:17:30');
INSERT INTO `admin_role_users` VALUES ('2', '341', '2025-06-12 11:17:30', '2025-06-12 11:17:30');
INSERT INTO `admin_role_users` VALUES ('2', '342', '2025-06-12 11:17:30', '2025-06-12 11:17:30');
INSERT INTO `admin_role_users` VALUES ('2', '343', '2025-06-12 11:17:30', '2025-06-12 11:17:30');
INSERT INTO `admin_role_users` VALUES ('2', '344', '2025-06-12 11:17:30', '2025-06-12 11:17:30');
INSERT INTO `admin_role_users` VALUES ('2', '345', '2025-06-12 11:17:30', '2025-06-12 11:17:30');
INSERT INTO `admin_role_users` VALUES ('2', '346', '2025-06-12 11:17:30', '2025-06-12 11:17:30');
INSERT INTO `admin_role_users` VALUES ('2', '347', '2025-06-12 11:17:30', '2025-06-12 11:17:30');
INSERT INTO `admin_role_users` VALUES ('2', '348', '2025-06-12 11:17:30', '2025-06-12 11:17:30');
INSERT INTO `admin_role_users` VALUES ('2', '349', '2025-06-12 11:17:30', '2025-06-12 11:17:30');
INSERT INTO `admin_role_users` VALUES ('2', '350', '2025-06-12 11:17:30', '2025-06-12 11:17:30');
INSERT INTO `admin_role_users` VALUES ('2', '351', '2025-06-12 11:17:30', '2025-06-12 11:17:30');
INSERT INTO `admin_role_users` VALUES ('2', '352', '2025-06-12 11:17:30', '2025-06-12 11:17:30');
INSERT INTO `admin_role_users` VALUES ('2', '353', '2025-06-12 11:17:31', '2025-06-12 11:17:31');
INSERT INTO `admin_role_users` VALUES ('2', '354', '2025-06-12 11:17:31', '2025-06-12 11:17:31');
INSERT INTO `admin_role_users` VALUES ('2', '355', '2025-06-12 11:17:31', '2025-06-12 11:17:31');
INSERT INTO `admin_role_users` VALUES ('2', '356', '2025-06-12 11:17:31', '2025-06-12 11:17:31');
INSERT INTO `admin_role_users` VALUES ('2', '357', '2025-06-12 11:17:31', '2025-06-12 11:17:31');
INSERT INTO `admin_role_users` VALUES ('2', '358', '2025-06-12 11:17:31', '2025-06-12 11:17:31');
INSERT INTO `admin_role_users` VALUES ('2', '359', '2025-06-12 11:17:31', '2025-06-12 11:17:31');
INSERT INTO `admin_role_users` VALUES ('2', '360', '2025-06-12 11:17:31', '2025-06-12 11:17:31');
INSERT INTO `admin_role_users` VALUES ('2', '361', '2025-06-12 11:17:31', '2025-06-12 11:17:31');
INSERT INTO `admin_role_users` VALUES ('2', '362', '2025-06-12 11:17:31', '2025-06-12 11:17:31');
INSERT INTO `admin_role_users` VALUES ('2', '363', '2025-06-12 11:17:31', '2025-06-12 11:17:31');
INSERT INTO `admin_role_users` VALUES ('2', '364', '2025-06-12 11:17:31', '2025-06-12 11:17:31');
INSERT INTO `admin_role_users` VALUES ('2', '365', '2025-06-12 11:17:31', '2025-06-12 11:17:31');
INSERT INTO `admin_role_users` VALUES ('2', '366', '2025-06-12 11:17:31', '2025-06-12 11:17:31');
INSERT INTO `admin_role_users` VALUES ('2', '367', '2025-06-12 11:17:31', '2025-06-12 11:17:31');
INSERT INTO `admin_role_users` VALUES ('2', '368', '2025-06-12 11:17:31', '2025-06-12 11:17:31');
INSERT INTO `admin_role_users` VALUES ('2', '369', '2025-06-12 11:17:31', '2025-06-12 11:17:31');
INSERT INTO `admin_role_users` VALUES ('2', '370', '2025-06-12 11:17:32', '2025-06-12 11:17:32');
INSERT INTO `admin_role_users` VALUES ('2', '371', '2025-06-12 11:17:32', '2025-06-12 11:17:32');
INSERT INTO `admin_role_users` VALUES ('2', '372', '2025-06-12 11:17:32', '2025-06-12 11:17:32');
INSERT INTO `admin_role_users` VALUES ('2', '373', '2025-06-12 11:17:32', '2025-06-12 11:17:32');
INSERT INTO `admin_role_users` VALUES ('2', '374', '2025-06-12 11:17:32', '2025-06-12 11:17:32');
INSERT INTO `admin_role_users` VALUES ('2', '375', '2025-06-12 11:17:32', '2025-06-12 11:17:32');
INSERT INTO `admin_role_users` VALUES ('2', '376', '2025-06-12 11:17:32', '2025-06-12 11:17:32');
INSERT INTO `admin_role_users` VALUES ('2', '377', '2025-06-12 11:17:32', '2025-06-12 11:17:32');
INSERT INTO `admin_role_users` VALUES ('2', '378', '2025-06-12 11:17:32', '2025-06-12 11:17:32');
INSERT INTO `admin_role_users` VALUES ('2', '379', '2025-06-12 11:17:32', '2025-06-12 11:17:32');
INSERT INTO `admin_role_users` VALUES ('2', '380', '2025-06-12 11:17:32', '2025-06-12 11:17:32');
INSERT INTO `admin_role_users` VALUES ('2', '381', '2025-06-12 11:17:32', '2025-06-12 11:17:32');
INSERT INTO `admin_role_users` VALUES ('2', '382', '2025-06-12 11:17:32', '2025-06-12 11:17:32');
INSERT INTO `admin_role_users` VALUES ('2', '383', '2025-06-12 11:17:32', '2025-06-12 11:17:32');
INSERT INTO `admin_role_users` VALUES ('2', '384', '2025-06-12 11:17:32', '2025-06-12 11:17:32');
INSERT INTO `admin_role_users` VALUES ('2', '385', '2025-06-12 11:17:32', '2025-06-12 11:17:32');
INSERT INTO `admin_role_users` VALUES ('2', '386', '2025-06-12 11:17:32', '2025-06-12 11:17:32');
INSERT INTO `admin_role_users` VALUES ('2', '387', '2025-06-12 11:17:33', '2025-06-12 11:17:33');
INSERT INTO `admin_role_users` VALUES ('2', '388', '2025-06-12 11:17:33', '2025-06-12 11:17:33');
INSERT INTO `admin_role_users` VALUES ('2', '389', '2025-06-12 11:17:33', '2025-06-12 11:17:33');
INSERT INTO `admin_role_users` VALUES ('2', '390', '2025-06-12 11:17:33', '2025-06-12 11:17:33');
INSERT INTO `admin_role_users` VALUES ('2', '391', '2025-06-12 11:17:33', '2025-06-12 11:17:33');
INSERT INTO `admin_role_users` VALUES ('2', '392', '2025-06-12 11:17:33', '2025-06-12 11:17:33');
INSERT INTO `admin_role_users` VALUES ('2', '393', '2025-06-12 11:17:33', '2025-06-12 11:17:33');
INSERT INTO `admin_role_users` VALUES ('2', '394', '2025-06-12 11:17:33', '2025-06-12 11:17:33');
INSERT INTO `admin_role_users` VALUES ('2', '395', '2025-06-12 11:17:33', '2025-06-12 11:17:33');
INSERT INTO `admin_role_users` VALUES ('2', '396', '2025-06-12 11:17:33', '2025-06-12 11:17:33');
INSERT INTO `admin_role_users` VALUES ('2', '397', '2025-06-12 11:17:33', '2025-06-12 11:17:33');
INSERT INTO `admin_role_users` VALUES ('2', '398', '2025-06-12 11:17:33', '2025-06-12 11:17:33');
INSERT INTO `admin_role_users` VALUES ('2', '399', '2025-06-12 11:17:33', '2025-06-12 11:17:33');
INSERT INTO `admin_role_users` VALUES ('2', '400', '2025-06-12 11:17:33', '2025-06-12 11:17:33');
INSERT INTO `admin_role_users` VALUES ('2', '401', '2025-06-12 11:17:33', '2025-06-12 11:17:33');
INSERT INTO `admin_role_users` VALUES ('2', '402', '2025-06-12 11:17:33', '2025-06-12 11:17:33');
INSERT INTO `admin_role_users` VALUES ('2', '403', '2025-06-12 11:17:33', '2025-06-12 11:17:33');
INSERT INTO `admin_role_users` VALUES ('2', '404', '2025-06-12 11:17:34', '2025-06-12 11:17:34');
INSERT INTO `admin_role_users` VALUES ('2', '405', '2025-06-12 11:17:34', '2025-06-12 11:17:34');
INSERT INTO `admin_role_users` VALUES ('2', '406', '2025-06-12 11:17:34', '2025-06-12 11:17:34');
INSERT INTO `admin_role_users` VALUES ('2', '407', '2025-06-12 11:17:34', '2025-06-12 11:17:34');
INSERT INTO `admin_role_users` VALUES ('2', '408', '2025-06-12 11:17:34', '2025-06-12 11:17:34');
INSERT INTO `admin_role_users` VALUES ('2', '409', '2025-06-12 11:17:34', '2025-06-12 11:17:34');
INSERT INTO `admin_role_users` VALUES ('2', '410', '2025-06-12 11:17:34', '2025-06-12 11:17:34');
INSERT INTO `admin_role_users` VALUES ('2', '411', '2025-06-12 11:17:34', '2025-06-12 11:17:34');
INSERT INTO `admin_role_users` VALUES ('2', '412', '2025-06-12 11:17:34', '2025-06-12 11:17:34');
INSERT INTO `admin_role_users` VALUES ('2', '413', '2025-06-12 11:17:34', '2025-06-12 11:17:34');
INSERT INTO `admin_role_users` VALUES ('2', '414', '2025-06-12 11:17:34', '2025-06-12 11:17:34');
INSERT INTO `admin_role_users` VALUES ('2', '415', '2025-06-12 11:17:34', '2025-06-12 11:17:34');
INSERT INTO `admin_role_users` VALUES ('2', '416', '2025-06-12 11:17:34', '2025-06-12 11:17:34');
INSERT INTO `admin_role_users` VALUES ('2', '417', '2025-06-12 11:17:34', '2025-06-12 11:17:34');
INSERT INTO `admin_role_users` VALUES ('2', '418', '2025-06-12 11:17:34', '2025-06-12 11:17:34');
INSERT INTO `admin_role_users` VALUES ('2', '419', '2025-06-12 11:17:34', '2025-06-12 11:17:34');
INSERT INTO `admin_role_users` VALUES ('2', '420', '2025-06-12 11:17:34', '2025-06-12 11:17:34');
INSERT INTO `admin_role_users` VALUES ('2', '421', '2025-06-12 11:17:34', '2025-06-12 11:17:34');
INSERT INTO `admin_role_users` VALUES ('2', '422', '2025-06-12 11:17:35', '2025-06-12 11:17:35');
INSERT INTO `admin_role_users` VALUES ('2', '423', '2025-06-12 11:17:35', '2025-06-12 11:17:35');
INSERT INTO `admin_role_users` VALUES ('2', '424', '2025-06-12 11:17:35', '2025-06-12 11:17:35');
INSERT INTO `admin_role_users` VALUES ('2', '425', '2025-06-12 11:17:35', '2025-06-12 11:17:35');
INSERT INTO `admin_role_users` VALUES ('2', '426', '2025-06-12 11:17:35', '2025-06-12 11:17:35');
INSERT INTO `admin_role_users` VALUES ('2', '427', '2025-06-12 11:17:35', '2025-06-12 11:17:35');
INSERT INTO `admin_role_users` VALUES ('2', '428', '2025-06-12 11:17:35', '2025-06-12 11:17:35');
INSERT INTO `admin_role_users` VALUES ('2', '429', '2025-06-12 11:17:35', '2025-06-12 11:17:35');
INSERT INTO `admin_role_users` VALUES ('2', '430', '2025-06-12 11:17:35', '2025-06-12 11:17:35');
INSERT INTO `admin_role_users` VALUES ('2', '431', '2025-06-12 11:17:35', '2025-06-12 11:17:35');
INSERT INTO `admin_role_users` VALUES ('2', '432', '2025-06-12 11:17:35', '2025-06-12 11:17:35');
INSERT INTO `admin_role_users` VALUES ('2', '433', '2025-06-12 11:17:35', '2025-06-12 11:17:35');
INSERT INTO `admin_role_users` VALUES ('2', '434', '2025-06-12 11:17:35', '2025-06-12 11:17:35');
INSERT INTO `admin_role_users` VALUES ('2', '435', '2025-06-12 11:17:35', '2025-06-12 11:17:35');
INSERT INTO `admin_role_users` VALUES ('2', '436', '2025-06-12 11:17:35', '2025-06-12 11:17:35');
INSERT INTO `admin_role_users` VALUES ('2', '437', '2025-06-12 11:17:35', '2025-06-12 11:17:35');
INSERT INTO `admin_role_users` VALUES ('2', '438', '2025-06-12 11:17:35', '2025-06-12 11:17:35');
INSERT INTO `admin_role_users` VALUES ('2', '439', '2025-06-12 11:17:36', '2025-06-12 11:17:36');
INSERT INTO `admin_role_users` VALUES ('2', '440', '2025-06-12 11:17:36', '2025-06-12 11:17:36');
INSERT INTO `admin_role_users` VALUES ('2', '441', '2025-06-12 11:17:36', '2025-06-12 11:17:36');
INSERT INTO `admin_role_users` VALUES ('2', '442', '2025-06-12 11:17:36', '2025-06-12 11:17:36');
INSERT INTO `admin_role_users` VALUES ('2', '443', '2025-06-12 11:17:36', '2025-06-12 11:17:36');
INSERT INTO `admin_role_users` VALUES ('2', '444', '2025-06-12 11:17:36', '2025-06-12 11:17:36');
INSERT INTO `admin_role_users` VALUES ('2', '445', '2025-06-12 11:17:36', '2025-06-12 11:17:36');
INSERT INTO `admin_role_users` VALUES ('2', '446', '2025-06-12 11:17:36', '2025-06-12 11:17:36');
INSERT INTO `admin_role_users` VALUES ('2', '447', '2025-06-12 11:17:36', '2025-06-12 11:17:36');
INSERT INTO `admin_role_users` VALUES ('2', '448', '2025-06-12 11:17:36', '2025-06-12 11:17:36');
INSERT INTO `admin_role_users` VALUES ('2', '449', '2025-06-12 11:17:36', '2025-06-12 11:17:36');
INSERT INTO `admin_role_users` VALUES ('2', '450', '2025-06-12 11:17:36', '2025-06-12 11:17:36');
INSERT INTO `admin_role_users` VALUES ('2', '451', '2025-06-12 11:17:36', '2025-06-12 11:17:36');
INSERT INTO `admin_role_users` VALUES ('2', '452', '2025-06-12 11:17:36', '2025-06-12 11:17:36');
INSERT INTO `admin_role_users` VALUES ('2', '453', '2025-06-12 11:17:36', '2025-06-12 11:17:36');
INSERT INTO `admin_role_users` VALUES ('2', '454', '2025-06-12 11:17:36', '2025-06-12 11:17:36');
INSERT INTO `admin_role_users` VALUES ('2', '455', '2025-06-12 11:17:36', '2025-06-12 11:17:36');
INSERT INTO `admin_role_users` VALUES ('2', '456', '2025-06-12 11:17:37', '2025-06-12 11:17:37');
INSERT INTO `admin_role_users` VALUES ('2', '457', '2025-06-12 11:17:37', '2025-06-12 11:17:37');
INSERT INTO `admin_role_users` VALUES ('2', '458', '2025-06-12 11:17:37', '2025-06-12 11:17:37');
INSERT INTO `admin_role_users` VALUES ('2', '459', '2025-06-12 11:17:37', '2025-06-12 11:17:37');
INSERT INTO `admin_role_users` VALUES ('2', '460', '2025-06-12 11:17:37', '2025-06-12 11:17:37');
INSERT INTO `admin_role_users` VALUES ('2', '461', '2025-06-12 11:17:37', '2025-06-12 11:17:37');
INSERT INTO `admin_role_users` VALUES ('2', '462', '2025-06-12 11:17:37', '2025-06-12 11:17:37');
INSERT INTO `admin_role_users` VALUES ('2', '463', '2025-06-12 11:17:37', '2025-06-12 11:17:37');
INSERT INTO `admin_role_users` VALUES ('2', '464', '2025-06-12 11:17:37', '2025-06-12 11:17:37');
INSERT INTO `admin_role_users` VALUES ('2', '465', '2025-06-12 11:17:37', '2025-06-12 11:17:37');
INSERT INTO `admin_role_users` VALUES ('2', '466', '2025-06-12 11:17:37', '2025-06-12 11:17:37');
INSERT INTO `admin_role_users` VALUES ('2', '467', '2025-06-12 11:17:37', '2025-06-12 11:17:37');
INSERT INTO `admin_role_users` VALUES ('2', '468', '2025-06-12 11:17:37', '2025-06-12 11:17:37');
INSERT INTO `admin_role_users` VALUES ('2', '469', '2025-06-12 11:17:37', '2025-06-12 11:17:37');
INSERT INTO `admin_role_users` VALUES ('2', '470', '2025-06-12 11:17:37', '2025-06-12 11:17:37');
INSERT INTO `admin_role_users` VALUES ('2', '471', '2025-06-12 11:17:37', '2025-06-12 11:17:37');
INSERT INTO `admin_role_users` VALUES ('2', '472', '2025-06-12 11:17:37', '2025-06-12 11:17:37');
INSERT INTO `admin_role_users` VALUES ('2', '473', '2025-06-12 11:17:37', '2025-06-12 11:17:37');
INSERT INTO `admin_role_users` VALUES ('2', '474', '2025-06-12 11:17:38', '2025-06-12 11:17:38');
INSERT INTO `admin_role_users` VALUES ('2', '475', '2025-06-12 11:17:38', '2025-06-12 11:17:38');
INSERT INTO `admin_role_users` VALUES ('2', '476', '2025-06-12 11:17:38', '2025-06-12 11:17:38');
INSERT INTO `admin_role_users` VALUES ('2', '477', '2025-06-12 11:17:38', '2025-06-12 11:17:38');
INSERT INTO `admin_role_users` VALUES ('2', '478', '2025-06-12 11:17:38', '2025-06-12 11:17:38');
INSERT INTO `admin_role_users` VALUES ('2', '479', '2025-06-12 11:17:38', '2025-06-12 11:17:38');
INSERT INTO `admin_role_users` VALUES ('2', '480', '2025-06-12 11:17:38', '2025-06-12 11:17:38');
INSERT INTO `admin_role_users` VALUES ('2', '481', '2025-06-12 11:17:38', '2025-06-12 11:17:38');
INSERT INTO `admin_role_users` VALUES ('2', '482', '2025-06-12 11:17:38', '2025-06-12 11:17:38');
INSERT INTO `admin_role_users` VALUES ('2', '483', '2025-06-12 11:17:38', '2025-06-12 11:17:38');
INSERT INTO `admin_role_users` VALUES ('2', '484', '2025-06-12 11:17:38', '2025-06-12 11:17:38');
INSERT INTO `admin_role_users` VALUES ('2', '485', '2025-06-12 11:17:38', '2025-06-12 11:17:38');
INSERT INTO `admin_role_users` VALUES ('2', '486', '2025-06-12 11:17:38', '2025-06-12 11:17:38');
INSERT INTO `admin_role_users` VALUES ('2', '487', '2025-06-12 11:17:38', '2025-06-12 11:17:38');
INSERT INTO `admin_role_users` VALUES ('2', '488', '2025-06-12 11:17:38', '2025-06-12 11:17:38');
INSERT INTO `admin_role_users` VALUES ('2', '489', '2025-06-12 11:17:38', '2025-06-12 11:17:38');
INSERT INTO `admin_role_users` VALUES ('2', '490', '2025-06-12 11:17:38', '2025-06-12 11:17:38');
INSERT INTO `admin_role_users` VALUES ('2', '491', '2025-06-12 11:17:39', '2025-06-12 11:17:39');
INSERT INTO `admin_role_users` VALUES ('2', '492', '2025-06-12 11:17:39', '2025-06-12 11:17:39');
INSERT INTO `admin_role_users` VALUES ('2', '493', '2025-06-12 11:17:39', '2025-06-12 11:17:39');
INSERT INTO `admin_role_users` VALUES ('2', '494', '2025-06-12 11:17:39', '2025-06-12 11:17:39');
INSERT INTO `admin_role_users` VALUES ('2', '495', '2025-06-12 11:17:39', '2025-06-12 11:17:39');
INSERT INTO `admin_role_users` VALUES ('2', '496', '2025-06-12 11:17:39', '2025-06-12 11:17:39');
INSERT INTO `admin_role_users` VALUES ('2', '497', '2025-06-12 11:17:39', '2025-06-12 11:17:39');
INSERT INTO `admin_role_users` VALUES ('2', '498', '2025-06-12 11:17:39', '2025-06-12 11:17:39');
INSERT INTO `admin_role_users` VALUES ('2', '499', '2025-06-12 11:17:39', '2025-06-12 11:17:39');
INSERT INTO `admin_role_users` VALUES ('2', '500', '2025-06-12 11:17:39', '2025-06-12 11:17:39');
INSERT INTO `admin_role_users` VALUES ('2', '501', '2025-06-12 11:17:39', '2025-06-12 11:17:39');
INSERT INTO `admin_role_users` VALUES ('2', '502', '2025-06-12 11:23:20', '2025-06-12 11:23:20');
INSERT INTO `admin_role_users` VALUES ('2', '503', '2025-06-12 11:23:20', '2025-06-12 11:23:20');
INSERT INTO `admin_role_users` VALUES ('2', '504', '2025-06-12 11:23:20', '2025-06-12 11:23:20');
INSERT INTO `admin_role_users` VALUES ('2', '505', '2025-06-12 11:23:20', '2025-06-12 11:23:20');
INSERT INTO `admin_role_users` VALUES ('2', '506', '2025-06-12 11:23:20', '2025-06-12 11:23:20');
INSERT INTO `admin_role_users` VALUES ('2', '507', '2025-06-12 11:23:20', '2025-06-12 11:23:20');
INSERT INTO `admin_role_users` VALUES ('2', '508', '2025-06-12 11:23:21', '2025-06-12 11:23:21');
INSERT INTO `admin_role_users` VALUES ('2', '509', '2025-06-12 11:23:21', '2025-06-12 11:23:21');
INSERT INTO `admin_role_users` VALUES ('2', '510', '2025-06-12 11:23:21', '2025-06-12 11:23:21');
INSERT INTO `admin_role_users` VALUES ('2', '511', '2025-06-12 11:23:21', '2025-06-12 11:23:21');
INSERT INTO `admin_role_users` VALUES ('2', '512', '2025-06-12 11:23:21', '2025-06-12 11:23:21');
INSERT INTO `admin_role_users` VALUES ('2', '513', '2025-06-12 11:23:21', '2025-06-12 11:23:21');
INSERT INTO `admin_role_users` VALUES ('2', '514', '2025-06-12 11:23:21', '2025-06-12 11:23:21');
INSERT INTO `admin_role_users` VALUES ('2', '515', '2025-06-12 11:23:21', '2025-06-12 11:23:21');
INSERT INTO `admin_role_users` VALUES ('2', '516', '2025-06-12 11:23:21', '2025-06-12 11:23:21');
INSERT INTO `admin_role_users` VALUES ('2', '517', '2025-06-12 11:23:21', '2025-06-12 11:23:21');
INSERT INTO `admin_role_users` VALUES ('2', '518', '2025-06-12 11:23:21', '2025-06-12 11:23:21');
INSERT INTO `admin_role_users` VALUES ('2', '519', '2025-06-12 11:23:21', '2025-06-12 11:23:21');
INSERT INTO `admin_role_users` VALUES ('2', '520', '2025-06-12 11:23:21', '2025-06-12 11:23:21');
INSERT INTO `admin_role_users` VALUES ('2', '521', '2025-06-12 11:23:21', '2025-06-12 11:23:21');
INSERT INTO `admin_role_users` VALUES ('2', '522', '2025-06-12 11:23:21', '2025-06-12 11:23:21');
INSERT INTO `admin_role_users` VALUES ('2', '523', '2025-06-12 11:23:21', '2025-06-12 11:23:21');
INSERT INTO `admin_role_users` VALUES ('2', '524', '2025-06-12 11:23:22', '2025-06-12 11:23:22');
INSERT INTO `admin_role_users` VALUES ('2', '525', '2025-06-12 11:23:22', '2025-06-12 11:23:22');
INSERT INTO `admin_role_users` VALUES ('2', '526', '2025-06-12 11:23:22', '2025-06-12 11:23:22');
INSERT INTO `admin_role_users` VALUES ('2', '527', '2025-06-12 11:23:22', '2025-06-12 11:23:22');
INSERT INTO `admin_role_users` VALUES ('2', '528', '2025-06-12 11:23:22', '2025-06-12 11:23:22');
INSERT INTO `admin_role_users` VALUES ('2', '529', '2025-06-12 11:23:22', '2025-06-12 11:23:22');
INSERT INTO `admin_role_users` VALUES ('2', '530', '2025-06-12 11:23:22', '2025-06-12 11:23:22');
INSERT INTO `admin_role_users` VALUES ('2', '531', '2025-06-12 11:23:22', '2025-06-12 11:23:22');
INSERT INTO `admin_role_users` VALUES ('2', '532', '2025-06-12 11:23:22', '2025-06-12 11:23:22');
INSERT INTO `admin_role_users` VALUES ('2', '533', '2025-06-12 11:23:22', '2025-06-12 11:23:22');
INSERT INTO `admin_role_users` VALUES ('2', '534', '2025-06-12 11:23:22', '2025-06-12 11:23:22');
INSERT INTO `admin_role_users` VALUES ('2', '535', '2025-06-12 11:23:22', '2025-06-12 11:23:22');
INSERT INTO `admin_role_users` VALUES ('2', '536', '2025-06-12 11:23:22', '2025-06-12 11:23:22');
INSERT INTO `admin_role_users` VALUES ('2', '537', '2025-06-12 11:23:22', '2025-06-12 11:23:22');
INSERT INTO `admin_role_users` VALUES ('2', '538', '2025-06-12 11:23:22', '2025-06-12 11:23:22');
INSERT INTO `admin_role_users` VALUES ('2', '539', '2025-06-12 11:23:22', '2025-06-12 11:23:22');
INSERT INTO `admin_role_users` VALUES ('2', '540', '2025-06-12 11:23:22', '2025-06-12 11:23:22');
INSERT INTO `admin_role_users` VALUES ('2', '541', '2025-06-12 11:23:23', '2025-06-12 11:23:23');
INSERT INTO `admin_role_users` VALUES ('2', '542', '2025-06-12 11:23:23', '2025-06-12 11:23:23');
INSERT INTO `admin_role_users` VALUES ('2', '543', '2025-06-12 11:23:23', '2025-06-12 11:23:23');
INSERT INTO `admin_role_users` VALUES ('2', '544', '2025-06-12 11:23:23', '2025-06-12 11:23:23');
INSERT INTO `admin_role_users` VALUES ('2', '545', '2025-06-12 11:23:23', '2025-06-12 11:23:23');
INSERT INTO `admin_role_users` VALUES ('2', '546', '2025-06-12 11:23:23', '2025-06-12 11:23:23');
INSERT INTO `admin_role_users` VALUES ('2', '547', '2025-06-12 11:23:23', '2025-06-12 11:23:23');
INSERT INTO `admin_role_users` VALUES ('2', '548', '2025-06-12 11:23:23', '2025-06-12 11:23:23');
INSERT INTO `admin_role_users` VALUES ('2', '549', '2025-06-12 11:23:23', '2025-06-12 11:23:23');
INSERT INTO `admin_role_users` VALUES ('2', '550', '2025-06-12 11:23:23', '2025-06-12 11:23:23');
INSERT INTO `admin_role_users` VALUES ('2', '551', '2025-06-12 11:23:23', '2025-06-12 11:23:23');
INSERT INTO `admin_role_users` VALUES ('2', '552', '2025-06-12 11:23:23', '2025-06-12 11:23:23');
INSERT INTO `admin_role_users` VALUES ('2', '553', '2025-06-12 11:23:23', '2025-06-12 11:23:23');
INSERT INTO `admin_role_users` VALUES ('2', '554', '2025-06-12 11:23:23', '2025-06-12 11:23:23');
INSERT INTO `admin_role_users` VALUES ('2', '555', '2025-06-12 11:23:23', '2025-06-12 11:23:23');
INSERT INTO `admin_role_users` VALUES ('2', '556', '2025-06-12 11:23:23', '2025-06-12 11:23:23');
INSERT INTO `admin_role_users` VALUES ('2', '557', '2025-06-12 11:23:23', '2025-06-12 11:23:23');
INSERT INTO `admin_role_users` VALUES ('2', '558', '2025-06-12 11:23:23', '2025-06-12 11:23:23');
INSERT INTO `admin_role_users` VALUES ('2', '559', '2025-06-12 11:23:24', '2025-06-12 11:23:24');
INSERT INTO `admin_role_users` VALUES ('2', '560', '2025-06-12 11:23:24', '2025-06-12 11:23:24');
INSERT INTO `admin_role_users` VALUES ('2', '561', '2025-06-12 11:23:24', '2025-06-12 11:23:24');
INSERT INTO `admin_role_users` VALUES ('2', '562', '2025-06-12 11:23:24', '2025-06-12 11:23:24');
INSERT INTO `admin_role_users` VALUES ('2', '563', '2025-06-12 11:23:24', '2025-06-12 11:23:24');
INSERT INTO `admin_role_users` VALUES ('2', '564', '2025-06-12 11:23:24', '2025-06-12 11:23:24');
INSERT INTO `admin_role_users` VALUES ('2', '565', '2025-06-12 11:23:24', '2025-06-12 11:23:24');
INSERT INTO `admin_role_users` VALUES ('2', '566', '2025-06-12 11:23:24', '2025-06-12 11:23:24');
INSERT INTO `admin_role_users` VALUES ('2', '567', '2025-06-12 11:23:24', '2025-06-12 11:23:24');
INSERT INTO `admin_role_users` VALUES ('2', '568', '2025-06-12 11:23:24', '2025-06-12 11:23:24');
INSERT INTO `admin_role_users` VALUES ('2', '569', '2025-06-12 11:23:24', '2025-06-12 11:23:24');
INSERT INTO `admin_role_users` VALUES ('2', '570', '2025-06-12 11:23:24', '2025-06-12 11:23:24');
INSERT INTO `admin_role_users` VALUES ('2', '571', '2025-06-12 11:23:24', '2025-06-12 11:23:24');
INSERT INTO `admin_role_users` VALUES ('2', '572', '2025-06-12 11:23:24', '2025-06-12 11:23:24');
INSERT INTO `admin_role_users` VALUES ('2', '573', '2025-06-12 11:23:24', '2025-06-12 11:23:24');
INSERT INTO `admin_role_users` VALUES ('2', '574', '2025-06-12 11:23:24', '2025-06-12 11:23:24');
INSERT INTO `admin_role_users` VALUES ('2', '575', '2025-06-12 11:23:24', '2025-06-12 11:23:24');
INSERT INTO `admin_role_users` VALUES ('2', '576', '2025-06-12 11:23:25', '2025-06-12 11:23:25');
INSERT INTO `admin_role_users` VALUES ('2', '577', '2025-06-12 11:23:25', '2025-06-12 11:23:25');
INSERT INTO `admin_role_users` VALUES ('2', '578', '2025-06-12 11:23:25', '2025-06-12 11:23:25');
INSERT INTO `admin_role_users` VALUES ('2', '579', '2025-06-12 11:23:25', '2025-06-12 11:23:25');
INSERT INTO `admin_role_users` VALUES ('2', '580', '2025-06-12 11:23:25', '2025-06-12 11:23:25');
INSERT INTO `admin_role_users` VALUES ('2', '581', '2025-06-12 11:23:25', '2025-06-12 11:23:25');
INSERT INTO `admin_role_users` VALUES ('2', '582', '2025-06-12 11:23:25', '2025-06-12 11:23:25');
INSERT INTO `admin_role_users` VALUES ('2', '583', '2025-06-12 11:23:25', '2025-06-12 11:23:25');
INSERT INTO `admin_role_users` VALUES ('2', '584', '2025-06-12 11:23:25', '2025-06-12 11:23:25');
INSERT INTO `admin_role_users` VALUES ('2', '585', '2025-06-12 11:23:25', '2025-06-12 11:23:25');
INSERT INTO `admin_role_users` VALUES ('2', '586', '2025-06-12 11:23:25', '2025-06-12 11:23:25');
INSERT INTO `admin_role_users` VALUES ('2', '587', '2025-06-12 11:23:25', '2025-06-12 11:23:25');
INSERT INTO `admin_role_users` VALUES ('2', '588', '2025-06-12 11:23:25', '2025-06-12 11:23:25');
INSERT INTO `admin_role_users` VALUES ('2', '589', '2025-06-12 11:23:25', '2025-06-12 11:23:25');
INSERT INTO `admin_role_users` VALUES ('2', '590', '2025-06-12 11:23:25', '2025-06-12 11:23:25');
INSERT INTO `admin_role_users` VALUES ('2', '591', '2025-06-12 11:23:25', '2025-06-12 11:23:25');
INSERT INTO `admin_role_users` VALUES ('2', '592', '2025-06-12 11:23:25', '2025-06-12 11:23:25');
INSERT INTO `admin_role_users` VALUES ('2', '593', '2025-06-12 11:23:26', '2025-06-12 11:23:26');
INSERT INTO `admin_role_users` VALUES ('2', '594', '2025-06-12 11:23:26', '2025-06-12 11:23:26');
INSERT INTO `admin_role_users` VALUES ('2', '595', '2025-06-12 11:23:26', '2025-06-12 11:23:26');
INSERT INTO `admin_role_users` VALUES ('2', '596', '2025-06-12 11:23:26', '2025-06-12 11:23:26');
INSERT INTO `admin_role_users` VALUES ('2', '597', '2025-06-12 11:23:26', '2025-06-12 11:23:26');
INSERT INTO `admin_role_users` VALUES ('2', '598', '2025-06-12 11:23:26', '2025-06-12 11:23:26');
INSERT INTO `admin_role_users` VALUES ('2', '599', '2025-06-12 11:23:26', '2025-06-12 11:23:26');
INSERT INTO `admin_role_users` VALUES ('2', '600', '2025-06-12 11:23:26', '2025-06-12 11:23:26');
INSERT INTO `admin_role_users` VALUES ('2', '601', '2025-06-12 11:23:26', '2025-06-12 11:23:26');
INSERT INTO `admin_role_users` VALUES ('2', '602', '2025-06-12 11:23:26', '2025-06-12 11:23:26');
INSERT INTO `admin_role_users` VALUES ('2', '603', '2025-06-12 11:23:26', '2025-06-12 11:23:26');
INSERT INTO `admin_role_users` VALUES ('2', '604', '2025-06-12 11:23:26', '2025-06-12 11:23:26');
INSERT INTO `admin_role_users` VALUES ('2', '605', '2025-06-12 11:23:26', '2025-06-12 11:23:26');
INSERT INTO `admin_role_users` VALUES ('2', '606', '2025-06-12 11:23:26', '2025-06-12 11:23:26');
INSERT INTO `admin_role_users` VALUES ('2', '607', '2025-06-12 11:23:26', '2025-06-12 11:23:26');
INSERT INTO `admin_role_users` VALUES ('2', '608', '2025-06-12 11:23:26', '2025-06-12 11:23:26');
INSERT INTO `admin_role_users` VALUES ('2', '609', '2025-06-12 11:23:26', '2025-06-12 11:23:26');
INSERT INTO `admin_role_users` VALUES ('2', '610', '2025-06-12 11:23:27', '2025-06-12 11:23:27');
INSERT INTO `admin_role_users` VALUES ('2', '611', '2025-06-12 11:23:27', '2025-06-12 11:23:27');
INSERT INTO `admin_role_users` VALUES ('2', '612', '2025-06-12 11:23:27', '2025-06-12 11:23:27');
INSERT INTO `admin_role_users` VALUES ('2', '613', '2025-06-12 11:23:27', '2025-06-12 11:23:27');
INSERT INTO `admin_role_users` VALUES ('2', '614', '2025-06-12 11:23:27', '2025-06-12 11:23:27');
INSERT INTO `admin_role_users` VALUES ('2', '615', '2025-06-12 11:23:27', '2025-06-12 11:23:27');
INSERT INTO `admin_role_users` VALUES ('2', '616', '2025-06-12 11:23:27', '2025-06-12 11:23:27');
INSERT INTO `admin_role_users` VALUES ('2', '617', '2025-06-12 11:23:27', '2025-06-12 11:23:27');
INSERT INTO `admin_role_users` VALUES ('2', '618', '2025-06-12 11:23:27', '2025-06-12 11:23:27');
INSERT INTO `admin_role_users` VALUES ('2', '619', '2025-06-12 11:23:27', '2025-06-12 11:23:27');
INSERT INTO `admin_role_users` VALUES ('2', '620', '2025-06-12 11:23:27', '2025-06-12 11:23:27');
INSERT INTO `admin_role_users` VALUES ('2', '621', '2025-06-12 11:23:27', '2025-06-12 11:23:27');
INSERT INTO `admin_role_users` VALUES ('2', '622', '2025-06-12 11:23:27', '2025-06-12 11:23:27');
INSERT INTO `admin_role_users` VALUES ('2', '623', '2025-06-12 11:23:27', '2025-06-12 11:23:27');
INSERT INTO `admin_role_users` VALUES ('2', '624', '2025-06-12 11:23:27', '2025-06-12 11:23:27');
INSERT INTO `admin_role_users` VALUES ('2', '625', '2025-06-12 11:23:27', '2025-06-12 11:23:27');
INSERT INTO `admin_role_users` VALUES ('2', '626', '2025-06-12 11:23:27', '2025-06-12 11:23:27');
INSERT INTO `admin_role_users` VALUES ('2', '627', '2025-06-12 11:23:27', '2025-06-12 11:23:27');
INSERT INTO `admin_role_users` VALUES ('2', '628', '2025-06-12 11:23:28', '2025-06-12 11:23:28');
INSERT INTO `admin_role_users` VALUES ('2', '629', '2025-06-12 11:23:28', '2025-06-12 11:23:28');
INSERT INTO `admin_role_users` VALUES ('2', '630', '2025-06-12 11:23:28', '2025-06-12 11:23:28');
INSERT INTO `admin_role_users` VALUES ('2', '631', '2025-06-12 11:23:28', '2025-06-12 11:23:28');
INSERT INTO `admin_role_users` VALUES ('2', '632', '2025-06-12 11:23:28', '2025-06-12 11:23:28');
INSERT INTO `admin_role_users` VALUES ('2', '633', '2025-06-12 11:23:28', '2025-06-12 11:23:28');
INSERT INTO `admin_role_users` VALUES ('2', '634', '2025-06-12 11:23:28', '2025-06-12 11:23:28');
INSERT INTO `admin_role_users` VALUES ('2', '635', '2025-06-12 11:23:28', '2025-06-12 11:23:28');
INSERT INTO `admin_role_users` VALUES ('2', '636', '2025-06-12 11:23:28', '2025-06-12 11:23:28');
INSERT INTO `admin_role_users` VALUES ('2', '637', '2025-06-12 11:23:28', '2025-06-12 11:23:28');
INSERT INTO `admin_role_users` VALUES ('2', '638', '2025-06-12 11:23:28', '2025-06-12 11:23:28');
INSERT INTO `admin_role_users` VALUES ('2', '639', '2025-06-12 11:23:28', '2025-06-12 11:23:28');
INSERT INTO `admin_role_users` VALUES ('2', '640', '2025-06-12 11:23:28', '2025-06-12 11:23:28');
INSERT INTO `admin_role_users` VALUES ('2', '641', '2025-06-12 11:23:28', '2025-06-12 11:23:28');
INSERT INTO `admin_role_users` VALUES ('2', '642', '2025-06-12 11:23:28', '2025-06-12 11:23:28');
INSERT INTO `admin_role_users` VALUES ('2', '643', '2025-06-12 11:23:28', '2025-06-12 11:23:28');
INSERT INTO `admin_role_users` VALUES ('2', '644', '2025-06-12 11:23:28', '2025-06-12 11:23:28');
INSERT INTO `admin_role_users` VALUES ('2', '645', '2025-06-12 11:23:29', '2025-06-12 11:23:29');
INSERT INTO `admin_role_users` VALUES ('2', '646', '2025-06-12 11:23:29', '2025-06-12 11:23:29');
INSERT INTO `admin_role_users` VALUES ('2', '647', '2025-06-12 11:23:29', '2025-06-12 11:23:29');
INSERT INTO `admin_role_users` VALUES ('2', '648', '2025-06-12 11:23:29', '2025-06-12 11:23:29');
INSERT INTO `admin_role_users` VALUES ('2', '649', '2025-06-12 11:23:29', '2025-06-12 11:23:29');
INSERT INTO `admin_role_users` VALUES ('2', '650', '2025-06-12 11:23:29', '2025-06-12 11:23:29');
INSERT INTO `admin_role_users` VALUES ('2', '651', '2025-06-12 11:23:29', '2025-06-12 11:23:29');
INSERT INTO `admin_role_users` VALUES ('2', '652', '2025-06-12 11:23:29', '2025-06-12 11:23:29');
INSERT INTO `admin_role_users` VALUES ('2', '653', '2025-06-12 11:23:29', '2025-06-12 11:23:29');
INSERT INTO `admin_role_users` VALUES ('2', '654', '2025-06-12 11:23:29', '2025-06-12 11:23:29');
INSERT INTO `admin_role_users` VALUES ('2', '655', '2025-06-12 11:23:29', '2025-06-12 11:23:29');
INSERT INTO `admin_role_users` VALUES ('2', '656', '2025-06-12 11:23:29', '2025-06-12 11:23:29');
INSERT INTO `admin_role_users` VALUES ('2', '657', '2025-06-12 11:23:29', '2025-06-12 11:23:29');
INSERT INTO `admin_role_users` VALUES ('2', '658', '2025-06-12 11:23:29', '2025-06-12 11:23:29');
INSERT INTO `admin_role_users` VALUES ('2', '659', '2025-06-12 11:23:29', '2025-06-12 11:23:29');
INSERT INTO `admin_role_users` VALUES ('2', '660', '2025-06-12 11:23:30', '2025-06-12 11:23:30');
INSERT INTO `admin_role_users` VALUES ('2', '661', '2025-06-12 11:23:30', '2025-06-12 11:23:30');
INSERT INTO `admin_role_users` VALUES ('2', '662', '2025-06-12 11:23:30', '2025-06-12 11:23:30');
INSERT INTO `admin_role_users` VALUES ('2', '663', '2025-06-12 11:23:30', '2025-06-12 11:23:30');
INSERT INTO `admin_role_users` VALUES ('2', '664', '2025-06-12 11:23:30', '2025-06-12 11:23:30');
INSERT INTO `admin_role_users` VALUES ('2', '665', '2025-06-12 11:23:30', '2025-06-12 11:23:30');
INSERT INTO `admin_role_users` VALUES ('2', '666', '2025-06-12 11:23:30', '2025-06-12 11:23:30');
INSERT INTO `admin_role_users` VALUES ('2', '667', '2025-06-12 11:23:30', '2025-06-12 11:23:30');
INSERT INTO `admin_role_users` VALUES ('2', '668', '2025-06-12 11:23:30', '2025-06-12 11:23:30');
INSERT INTO `admin_role_users` VALUES ('2', '669', '2025-06-12 11:23:30', '2025-06-12 11:23:30');
INSERT INTO `admin_role_users` VALUES ('2', '670', '2025-06-12 11:23:30', '2025-06-12 11:23:30');
INSERT INTO `admin_role_users` VALUES ('2', '671', '2025-06-12 11:23:30', '2025-06-12 11:23:30');
INSERT INTO `admin_role_users` VALUES ('2', '672', '2025-06-12 11:23:30', '2025-06-12 11:23:30');
INSERT INTO `admin_role_users` VALUES ('2', '673', '2025-06-12 11:23:30', '2025-06-12 11:23:30');
INSERT INTO `admin_role_users` VALUES ('2', '674', '2025-06-12 11:23:30', '2025-06-12 11:23:30');
INSERT INTO `admin_role_users` VALUES ('2', '675', '2025-06-12 11:23:30', '2025-06-12 11:23:30');
INSERT INTO `admin_role_users` VALUES ('2', '676', '2025-06-12 11:23:30', '2025-06-12 11:23:30');
INSERT INTO `admin_role_users` VALUES ('2', '677', '2025-06-12 11:23:31', '2025-06-12 11:23:31');
INSERT INTO `admin_role_users` VALUES ('2', '678', '2025-06-12 11:23:31', '2025-06-12 11:23:31');
INSERT INTO `admin_role_users` VALUES ('2', '679', '2025-06-12 11:23:31', '2025-06-12 11:23:31');
INSERT INTO `admin_role_users` VALUES ('2', '680', '2025-06-12 11:23:31', '2025-06-12 11:23:31');
INSERT INTO `admin_role_users` VALUES ('2', '681', '2025-06-12 11:23:31', '2025-06-12 11:23:31');
INSERT INTO `admin_role_users` VALUES ('2', '682', '2025-06-12 11:23:31', '2025-06-12 11:23:31');
INSERT INTO `admin_role_users` VALUES ('2', '683', '2025-06-12 11:23:31', '2025-06-12 11:23:31');
INSERT INTO `admin_role_users` VALUES ('2', '684', '2025-06-12 11:23:31', '2025-06-12 11:23:31');
INSERT INTO `admin_role_users` VALUES ('2', '685', '2025-06-12 11:23:31', '2025-06-12 11:23:31');
INSERT INTO `admin_role_users` VALUES ('2', '686', '2025-06-12 11:23:31', '2025-06-12 11:23:31');
INSERT INTO `admin_role_users` VALUES ('2', '687', '2025-06-12 11:23:31', '2025-06-12 11:23:31');
INSERT INTO `admin_role_users` VALUES ('2', '688', '2025-06-12 11:23:31', '2025-06-12 11:23:31');
INSERT INTO `admin_role_users` VALUES ('2', '689', '2025-06-12 11:23:31', '2025-06-12 11:23:31');
INSERT INTO `admin_role_users` VALUES ('2', '690', '2025-06-12 11:23:31', '2025-06-12 11:23:31');
INSERT INTO `admin_role_users` VALUES ('2', '691', '2025-06-12 11:23:31', '2025-06-12 11:23:31');
INSERT INTO `admin_role_users` VALUES ('2', '692', '2025-06-12 11:23:31', '2025-06-12 11:23:31');
INSERT INTO `admin_role_users` VALUES ('2', '693', '2025-06-12 11:23:31', '2025-06-12 11:23:31');
INSERT INTO `admin_role_users` VALUES ('2', '694', '2025-06-12 11:23:32', '2025-06-12 11:23:32');
INSERT INTO `admin_role_users` VALUES ('2', '695', '2025-06-12 11:23:32', '2025-06-12 11:23:32');
INSERT INTO `admin_role_users` VALUES ('2', '696', '2025-06-12 11:23:32', '2025-06-12 11:23:32');
INSERT INTO `admin_role_users` VALUES ('2', '697', '2025-06-12 11:23:32', '2025-06-12 11:23:32');
INSERT INTO `admin_role_users` VALUES ('2', '698', '2025-06-12 11:23:32', '2025-06-12 11:23:32');
INSERT INTO `admin_role_users` VALUES ('2', '699', '2025-06-12 11:23:32', '2025-06-12 11:23:32');
INSERT INTO `admin_role_users` VALUES ('2', '700', '2025-06-12 11:23:32', '2025-06-12 11:23:32');
INSERT INTO `admin_role_users` VALUES ('2', '701', '2025-06-12 11:23:32', '2025-06-12 11:23:32');
INSERT INTO `admin_role_users` VALUES ('2', '702', '2025-06-12 11:23:32', '2025-06-12 11:23:32');
INSERT INTO `admin_role_users` VALUES ('2', '703', '2025-06-12 11:23:32', '2025-06-12 11:23:32');
INSERT INTO `admin_role_users` VALUES ('2', '704', '2025-06-12 11:23:32', '2025-06-12 11:23:32');
INSERT INTO `admin_role_users` VALUES ('2', '705', '2025-06-12 11:23:32', '2025-06-12 11:23:32');
INSERT INTO `admin_role_users` VALUES ('2', '706', '2025-06-12 11:23:32', '2025-06-12 11:23:32');
INSERT INTO `admin_role_users` VALUES ('2', '707', '2025-06-12 11:23:32', '2025-06-12 11:23:32');
INSERT INTO `admin_role_users` VALUES ('2', '708', '2025-06-12 11:23:32', '2025-06-12 11:23:32');
INSERT INTO `admin_role_users` VALUES ('2', '709', '2025-06-12 11:23:32', '2025-06-12 11:23:32');
INSERT INTO `admin_role_users` VALUES ('2', '710', '2025-06-12 11:23:32', '2025-06-12 11:23:32');
INSERT INTO `admin_role_users` VALUES ('2', '711', '2025-06-12 11:23:33', '2025-06-12 11:23:33');
INSERT INTO `admin_role_users` VALUES ('2', '712', '2025-06-12 11:23:33', '2025-06-12 11:23:33');
INSERT INTO `admin_role_users` VALUES ('2', '713', '2025-06-12 11:23:33', '2025-06-12 11:23:33');
INSERT INTO `admin_role_users` VALUES ('2', '714', '2025-06-12 11:23:33', '2025-06-12 11:23:33');
INSERT INTO `admin_role_users` VALUES ('2', '715', '2025-06-12 11:23:33', '2025-06-12 11:23:33');
INSERT INTO `admin_role_users` VALUES ('2', '716', '2025-06-12 11:23:33', '2025-06-12 11:23:33');
INSERT INTO `admin_role_users` VALUES ('2', '717', '2025-06-12 11:23:33', '2025-06-12 11:23:33');
INSERT INTO `admin_role_users` VALUES ('2', '718', '2025-06-12 11:23:33', '2025-06-12 11:23:33');
INSERT INTO `admin_role_users` VALUES ('2', '719', '2025-06-12 11:23:33', '2025-06-12 11:23:33');
INSERT INTO `admin_role_users` VALUES ('2', '720', '2025-06-12 11:23:33', '2025-06-12 11:23:33');
INSERT INTO `admin_role_users` VALUES ('2', '721', '2025-06-12 11:23:33', '2025-06-12 11:23:33');
INSERT INTO `admin_role_users` VALUES ('2', '722', '2025-06-12 11:23:33', '2025-06-12 11:23:33');
INSERT INTO `admin_role_users` VALUES ('2', '723', '2025-06-12 11:23:33', '2025-06-12 11:23:33');
INSERT INTO `admin_role_users` VALUES ('2', '724', '2025-06-12 11:23:33', '2025-06-12 11:23:33');
INSERT INTO `admin_role_users` VALUES ('2', '725', '2025-06-12 11:23:33', '2025-06-12 11:23:33');
INSERT INTO `admin_role_users` VALUES ('2', '726', '2025-06-12 11:23:33', '2025-06-12 11:23:33');
INSERT INTO `admin_role_users` VALUES ('2', '727', '2025-06-12 11:23:33', '2025-06-12 11:23:33');
INSERT INTO `admin_role_users` VALUES ('2', '728', '2025-06-12 11:23:34', '2025-06-12 11:23:34');
INSERT INTO `admin_role_users` VALUES ('2', '729', '2025-06-12 11:23:34', '2025-06-12 11:23:34');
INSERT INTO `admin_role_users` VALUES ('2', '730', '2025-06-12 11:23:34', '2025-06-12 11:23:34');
INSERT INTO `admin_role_users` VALUES ('2', '731', '2025-06-12 11:23:34', '2025-06-12 11:23:34');
INSERT INTO `admin_role_users` VALUES ('2', '732', '2025-06-12 11:23:34', '2025-06-12 11:23:34');
INSERT INTO `admin_role_users` VALUES ('2', '733', '2025-06-12 11:23:34', '2025-06-12 11:23:34');
INSERT INTO `admin_role_users` VALUES ('2', '734', '2025-06-12 11:23:34', '2025-06-12 11:23:34');
INSERT INTO `admin_role_users` VALUES ('2', '735', '2025-06-12 11:23:34', '2025-06-12 11:23:34');
INSERT INTO `admin_role_users` VALUES ('2', '736', '2025-06-12 11:23:34', '2025-06-12 11:23:34');
INSERT INTO `admin_role_users` VALUES ('2', '737', '2025-06-12 11:23:34', '2025-06-12 11:23:34');
INSERT INTO `admin_role_users` VALUES ('2', '738', '2025-06-12 11:23:34', '2025-06-12 11:23:34');
INSERT INTO `admin_role_users` VALUES ('2', '739', '2025-06-12 11:23:34', '2025-06-12 11:23:34');
INSERT INTO `admin_role_users` VALUES ('2', '740', '2025-06-12 11:23:34', '2025-06-12 11:23:34');
INSERT INTO `admin_role_users` VALUES ('2', '741', '2025-06-12 11:23:34', '2025-06-12 11:23:34');
INSERT INTO `admin_role_users` VALUES ('2', '742', '2025-06-12 11:23:34', '2025-06-12 11:23:34');
INSERT INTO `admin_role_users` VALUES ('2', '743', '2025-06-12 11:23:34', '2025-06-12 11:23:34');
INSERT INTO `admin_role_users` VALUES ('2', '744', '2025-06-12 11:23:34', '2025-06-12 11:23:34');
INSERT INTO `admin_role_users` VALUES ('2', '745', '2025-06-12 11:23:35', '2025-06-12 11:23:35');
INSERT INTO `admin_role_users` VALUES ('2', '746', '2025-06-12 11:23:35', '2025-06-12 11:23:35');
INSERT INTO `admin_role_users` VALUES ('2', '747', '2025-06-12 11:23:35', '2025-06-12 11:23:35');
INSERT INTO `admin_role_users` VALUES ('2', '748', '2025-06-12 11:23:35', '2025-06-12 11:23:35');
INSERT INTO `admin_role_users` VALUES ('2', '749', '2025-06-12 11:23:35', '2025-06-12 11:23:35');
INSERT INTO `admin_role_users` VALUES ('2', '750', '2025-06-12 11:23:35', '2025-06-12 11:23:35');
INSERT INTO `admin_role_users` VALUES ('2', '751', '2025-06-12 11:23:35', '2025-06-12 11:23:35');
INSERT INTO `admin_role_users` VALUES ('2', '752', '2025-06-12 11:23:35', '2025-06-12 11:23:35');
INSERT INTO `admin_role_users` VALUES ('2', '753', '2025-06-12 11:23:35', '2025-06-12 11:23:35');
INSERT INTO `admin_role_users` VALUES ('2', '754', '2025-06-12 11:23:35', '2025-06-12 11:23:35');
INSERT INTO `admin_role_users` VALUES ('2', '755', '2025-06-12 11:23:35', '2025-06-12 11:23:35');
INSERT INTO `admin_role_users` VALUES ('2', '756', '2025-06-12 11:23:35', '2025-06-12 11:23:35');
INSERT INTO `admin_role_users` VALUES ('2', '757', '2025-06-12 11:23:35', '2025-06-12 11:23:35');
INSERT INTO `admin_role_users` VALUES ('2', '758', '2025-06-12 11:23:35', '2025-06-12 11:23:35');
INSERT INTO `admin_role_users` VALUES ('2', '759', '2025-06-12 11:23:35', '2025-06-12 11:23:35');
INSERT INTO `admin_role_users` VALUES ('2', '760', '2025-06-12 11:23:35', '2025-06-12 11:23:35');
INSERT INTO `admin_role_users` VALUES ('2', '761', '2025-06-12 11:23:35', '2025-06-12 11:23:35');
INSERT INTO `admin_role_users` VALUES ('2', '762', '2025-06-12 11:23:35', '2025-06-12 11:23:35');
INSERT INTO `admin_role_users` VALUES ('2', '763', '2025-06-12 11:23:36', '2025-06-12 11:23:36');
INSERT INTO `admin_role_users` VALUES ('2', '764', '2025-06-12 11:23:36', '2025-06-12 11:23:36');
INSERT INTO `admin_role_users` VALUES ('2', '765', '2025-06-12 11:23:36', '2025-06-12 11:23:36');
INSERT INTO `admin_role_users` VALUES ('2', '766', '2025-06-12 11:23:36', '2025-06-12 11:23:36');
INSERT INTO `admin_role_users` VALUES ('2', '767', '2025-06-12 11:23:36', '2025-06-12 11:23:36');
INSERT INTO `admin_role_users` VALUES ('2', '768', '2025-06-12 11:23:36', '2025-06-12 11:23:36');
INSERT INTO `admin_role_users` VALUES ('2', '769', '2025-06-12 11:23:36', '2025-06-12 11:23:36');
INSERT INTO `admin_role_users` VALUES ('2', '770', '2025-06-12 11:23:36', '2025-06-12 11:23:36');
INSERT INTO `admin_role_users` VALUES ('2', '771', '2025-06-12 11:23:36', '2025-06-12 11:23:36');
INSERT INTO `admin_role_users` VALUES ('2', '772', '2025-06-12 11:23:36', '2025-06-12 11:23:36');
INSERT INTO `admin_role_users` VALUES ('2', '773', '2025-06-12 11:23:36', '2025-06-12 11:23:36');
INSERT INTO `admin_role_users` VALUES ('2', '774', '2025-06-12 11:23:36', '2025-06-12 11:23:36');
INSERT INTO `admin_role_users` VALUES ('2', '775', '2025-06-12 11:23:36', '2025-06-12 11:23:36');
INSERT INTO `admin_role_users` VALUES ('2', '776', '2025-06-12 11:23:36', '2025-06-12 11:23:36');
INSERT INTO `admin_role_users` VALUES ('2', '777', '2025-06-12 11:23:36', '2025-06-12 11:23:36');
INSERT INTO `admin_role_users` VALUES ('2', '778', '2025-06-12 11:23:36', '2025-06-12 11:23:36');
INSERT INTO `admin_role_users` VALUES ('2', '779', '2025-06-12 11:23:36', '2025-06-12 11:23:36');
INSERT INTO `admin_role_users` VALUES ('2', '780', '2025-06-12 11:23:37', '2025-06-12 11:23:37');
INSERT INTO `admin_role_users` VALUES ('2', '781', '2025-06-12 11:23:37', '2025-06-12 11:23:37');
INSERT INTO `admin_role_users` VALUES ('2', '782', '2025-06-12 11:23:37', '2025-06-12 11:23:37');
INSERT INTO `admin_role_users` VALUES ('2', '783', '2025-06-12 11:23:37', '2025-06-12 11:23:37');
INSERT INTO `admin_role_users` VALUES ('2', '784', '2025-06-12 11:23:37', '2025-06-12 11:23:37');
INSERT INTO `admin_role_users` VALUES ('2', '785', '2025-06-12 11:23:37', '2025-06-12 11:23:37');
INSERT INTO `admin_role_users` VALUES ('2', '786', '2025-06-12 11:23:37', '2025-06-12 11:23:37');
INSERT INTO `admin_role_users` VALUES ('2', '787', '2025-06-12 11:23:37', '2025-06-12 11:23:37');
INSERT INTO `admin_role_users` VALUES ('2', '788', '2025-06-12 11:23:37', '2025-06-12 11:23:37');
INSERT INTO `admin_role_users` VALUES ('2', '789', '2025-06-12 11:23:37', '2025-06-12 11:23:37');
INSERT INTO `admin_role_users` VALUES ('2', '790', '2025-06-12 11:23:37', '2025-06-12 11:23:37');
INSERT INTO `admin_role_users` VALUES ('2', '791', '2025-06-12 11:23:37', '2025-06-12 11:23:37');
INSERT INTO `admin_role_users` VALUES ('2', '792', '2025-06-12 11:23:37', '2025-06-12 11:23:37');
INSERT INTO `admin_role_users` VALUES ('2', '793', '2025-06-12 11:23:37', '2025-06-12 11:23:37');
INSERT INTO `admin_role_users` VALUES ('2', '794', '2025-06-12 11:23:37', '2025-06-12 11:23:37');
INSERT INTO `admin_role_users` VALUES ('2', '795', '2025-06-12 11:23:37', '2025-06-12 11:23:37');
INSERT INTO `admin_role_users` VALUES ('2', '796', '2025-06-12 11:23:37', '2025-06-12 11:23:37');
INSERT INTO `admin_role_users` VALUES ('2', '797', '2025-06-12 11:23:38', '2025-06-12 11:23:38');
INSERT INTO `admin_role_users` VALUES ('2', '798', '2025-06-12 11:23:38', '2025-06-12 11:23:38');
INSERT INTO `admin_role_users` VALUES ('2', '799', '2025-06-12 11:23:38', '2025-06-12 11:23:38');
INSERT INTO `admin_role_users` VALUES ('2', '800', '2025-06-12 11:23:38', '2025-06-12 11:23:38');
INSERT INTO `admin_role_users` VALUES ('2', '801', '2025-06-12 11:23:38', '2025-06-12 11:23:38');
INSERT INTO `admin_role_users` VALUES ('2', '802', '2025-06-12 11:23:38', '2025-06-12 11:23:38');
INSERT INTO `admin_role_users` VALUES ('2', '803', '2025-06-12 11:23:38', '2025-06-12 11:23:38');
INSERT INTO `admin_role_users` VALUES ('2', '804', '2025-06-12 11:23:38', '2025-06-12 11:23:38');
INSERT INTO `admin_role_users` VALUES ('2', '805', '2025-06-12 11:23:38', '2025-06-12 11:23:38');
INSERT INTO `admin_role_users` VALUES ('2', '806', '2025-06-12 11:23:38', '2025-06-12 11:23:38');
INSERT INTO `admin_role_users` VALUES ('2', '807', '2025-06-12 11:23:38', '2025-06-12 11:23:38');
INSERT INTO `admin_role_users` VALUES ('2', '808', '2025-06-12 11:23:38', '2025-06-12 11:23:38');
INSERT INTO `admin_role_users` VALUES ('2', '809', '2025-06-12 11:23:38', '2025-06-12 11:23:38');
INSERT INTO `admin_role_users` VALUES ('2', '810', '2025-06-12 11:23:38', '2025-06-12 11:23:38');
INSERT INTO `admin_role_users` VALUES ('2', '811', '2025-06-12 11:23:38', '2025-06-12 11:23:38');
INSERT INTO `admin_role_users` VALUES ('2', '812', '2025-06-12 11:23:38', '2025-06-12 11:23:38');
INSERT INTO `admin_role_users` VALUES ('2', '813', '2025-06-12 11:23:38', '2025-06-12 11:23:38');
INSERT INTO `admin_role_users` VALUES ('2', '814', '2025-06-12 11:23:39', '2025-06-12 11:23:39');
INSERT INTO `admin_role_users` VALUES ('2', '815', '2025-06-12 11:23:39', '2025-06-12 11:23:39');
INSERT INTO `admin_role_users` VALUES ('2', '816', '2025-06-12 11:23:39', '2025-06-12 11:23:39');
INSERT INTO `admin_role_users` VALUES ('2', '817', '2025-06-12 11:23:39', '2025-06-12 11:23:39');
INSERT INTO `admin_role_users` VALUES ('2', '818', '2025-06-12 11:23:39', '2025-06-12 11:23:39');
INSERT INTO `admin_role_users` VALUES ('2', '819', '2025-06-12 11:23:39', '2025-06-12 11:23:39');
INSERT INTO `admin_role_users` VALUES ('2', '820', '2025-06-12 11:23:39', '2025-06-12 11:23:39');
INSERT INTO `admin_role_users` VALUES ('2', '821', '2025-06-12 11:23:39', '2025-06-12 11:23:39');
INSERT INTO `admin_role_users` VALUES ('2', '822', '2025-06-12 11:23:39', '2025-06-12 11:23:39');
INSERT INTO `admin_role_users` VALUES ('2', '823', '2025-06-12 11:23:39', '2025-06-12 11:23:39');
INSERT INTO `admin_role_users` VALUES ('2', '824', '2025-06-12 11:23:39', '2025-06-12 11:23:39');
INSERT INTO `admin_role_users` VALUES ('2', '825', '2025-06-12 11:23:39', '2025-06-12 11:23:39');
INSERT INTO `admin_role_users` VALUES ('2', '826', '2025-06-12 11:23:39', '2025-06-12 11:23:39');
INSERT INTO `admin_role_users` VALUES ('2', '827', '2025-06-12 11:23:39', '2025-06-12 11:23:39');
INSERT INTO `admin_role_users` VALUES ('2', '828', '2025-06-12 11:23:39', '2025-06-12 11:23:39');
INSERT INTO `admin_role_users` VALUES ('2', '829', '2025-06-12 11:23:39', '2025-06-12 11:23:39');
INSERT INTO `admin_role_users` VALUES ('2', '830', '2025-06-12 11:23:39', '2025-06-12 11:23:39');
INSERT INTO `admin_role_users` VALUES ('2', '831', '2025-06-12 11:23:40', '2025-06-12 11:23:40');
INSERT INTO `admin_role_users` VALUES ('2', '832', '2025-06-12 11:23:40', '2025-06-12 11:23:40');
INSERT INTO `admin_role_users` VALUES ('2', '833', '2025-06-12 11:23:40', '2025-06-12 11:23:40');
INSERT INTO `admin_role_users` VALUES ('2', '834', '2025-06-12 11:23:40', '2025-06-12 11:23:40');
INSERT INTO `admin_role_users` VALUES ('2', '835', '2025-06-12 11:23:40', '2025-06-12 11:23:40');
INSERT INTO `admin_role_users` VALUES ('2', '836', '2025-06-12 11:23:40', '2025-06-12 11:23:40');
INSERT INTO `admin_role_users` VALUES ('2', '837', '2025-06-12 11:23:40', '2025-06-12 11:23:40');
INSERT INTO `admin_role_users` VALUES ('2', '838', '2025-06-12 11:23:40', '2025-06-12 11:23:40');
INSERT INTO `admin_role_users` VALUES ('2', '839', '2025-06-12 11:23:40', '2025-06-12 11:23:40');
INSERT INTO `admin_role_users` VALUES ('2', '840', '2025-06-12 11:23:40', '2025-06-12 11:23:40');
INSERT INTO `admin_role_users` VALUES ('2', '841', '2025-06-12 11:23:40', '2025-06-12 11:23:40');
INSERT INTO `admin_role_users` VALUES ('2', '842', '2025-06-12 11:23:40', '2025-06-12 11:23:40');
INSERT INTO `admin_role_users` VALUES ('2', '843', '2025-06-12 11:23:40', '2025-06-12 11:23:40');
INSERT INTO `admin_role_users` VALUES ('2', '844', '2025-06-12 11:23:40', '2025-06-12 11:23:40');
INSERT INTO `admin_role_users` VALUES ('2', '845', '2025-06-12 11:23:40', '2025-06-12 11:23:40');
INSERT INTO `admin_role_users` VALUES ('2', '846', '2025-06-12 11:23:40', '2025-06-12 11:23:40');
INSERT INTO `admin_role_users` VALUES ('2', '847', '2025-06-12 11:23:40', '2025-06-12 11:23:40');
INSERT INTO `admin_role_users` VALUES ('2', '848', '2025-06-12 11:23:41', '2025-06-12 11:23:41');
INSERT INTO `admin_role_users` VALUES ('2', '849', '2025-06-12 11:23:41', '2025-06-12 11:23:41');
INSERT INTO `admin_role_users` VALUES ('2', '850', '2025-06-12 11:23:41', '2025-06-12 11:23:41');
INSERT INTO `admin_role_users` VALUES ('2', '851', '2025-06-12 11:23:41', '2025-06-12 11:23:41');
INSERT INTO `admin_role_users` VALUES ('2', '852', '2025-06-12 11:23:41', '2025-06-12 11:23:41');
INSERT INTO `admin_role_users` VALUES ('2', '853', '2025-06-12 11:23:41', '2025-06-12 11:23:41');
INSERT INTO `admin_role_users` VALUES ('2', '854', '2025-06-12 11:23:41', '2025-06-12 11:23:41');
INSERT INTO `admin_role_users` VALUES ('2', '855', '2025-06-12 11:23:41', '2025-06-12 11:23:41');
INSERT INTO `admin_role_users` VALUES ('2', '856', '2025-06-12 11:23:41', '2025-06-12 11:23:41');
INSERT INTO `admin_role_users` VALUES ('2', '857', '2025-06-12 11:23:41', '2025-06-12 11:23:41');
INSERT INTO `admin_role_users` VALUES ('2', '858', '2025-06-12 11:23:41', '2025-06-12 11:23:41');
INSERT INTO `admin_role_users` VALUES ('2', '859', '2025-06-12 11:23:41', '2025-06-12 11:23:41');
INSERT INTO `admin_role_users` VALUES ('2', '860', '2025-06-12 11:23:41', '2025-06-12 11:23:41');
INSERT INTO `admin_role_users` VALUES ('2', '861', '2025-06-12 11:23:41', '2025-06-12 11:23:41');
INSERT INTO `admin_role_users` VALUES ('2', '862', '2025-06-12 11:23:41', '2025-06-12 11:23:41');
INSERT INTO `admin_role_users` VALUES ('2', '863', '2025-06-12 11:23:41', '2025-06-12 11:23:41');
INSERT INTO `admin_role_users` VALUES ('2', '864', '2025-06-12 11:23:41', '2025-06-12 11:23:41');
INSERT INTO `admin_role_users` VALUES ('2', '865', '2025-06-12 11:23:42', '2025-06-12 11:23:42');
INSERT INTO `admin_role_users` VALUES ('2', '866', '2025-06-12 11:23:42', '2025-06-12 11:23:42');
INSERT INTO `admin_role_users` VALUES ('2', '867', '2025-06-12 11:23:42', '2025-06-12 11:23:42');
INSERT INTO `admin_role_users` VALUES ('2', '868', '2025-06-12 11:23:42', '2025-06-12 11:23:42');
INSERT INTO `admin_role_users` VALUES ('2', '869', '2025-06-12 11:23:42', '2025-06-12 11:23:42');
INSERT INTO `admin_role_users` VALUES ('2', '870', '2025-06-12 11:23:42', '2025-06-12 11:23:42');
INSERT INTO `admin_role_users` VALUES ('2', '871', '2025-06-12 11:23:42', '2025-06-12 11:23:42');
INSERT INTO `admin_role_users` VALUES ('2', '872', '2025-06-12 11:23:42', '2025-06-12 11:23:42');
INSERT INTO `admin_role_users` VALUES ('2', '873', '2025-06-12 11:23:42', '2025-06-12 11:23:42');
INSERT INTO `admin_role_users` VALUES ('2', '874', '2025-06-12 11:23:42', '2025-06-12 11:23:42');
INSERT INTO `admin_role_users` VALUES ('2', '875', '2025-06-12 11:23:42', '2025-06-12 11:23:42');
INSERT INTO `admin_role_users` VALUES ('2', '876', '2025-06-12 11:23:42', '2025-06-12 11:23:42');
INSERT INTO `admin_role_users` VALUES ('2', '877', '2025-06-12 11:23:42', '2025-06-12 11:23:42');
INSERT INTO `admin_role_users` VALUES ('2', '878', '2025-06-12 11:23:42', '2025-06-12 11:23:42');
INSERT INTO `admin_role_users` VALUES ('2', '879', '2025-06-12 11:23:42', '2025-06-12 11:23:42');
INSERT INTO `admin_role_users` VALUES ('2', '880', '2025-06-12 11:23:42', '2025-06-12 11:23:42');
INSERT INTO `admin_role_users` VALUES ('2', '881', '2025-06-12 11:23:43', '2025-06-12 11:23:43');
INSERT INTO `admin_role_users` VALUES ('2', '882', '2025-06-12 11:23:43', '2025-06-12 11:23:43');
INSERT INTO `admin_role_users` VALUES ('2', '883', '2025-06-12 11:23:43', '2025-06-12 11:23:43');
INSERT INTO `admin_role_users` VALUES ('2', '884', '2025-06-12 11:23:43', '2025-06-12 11:23:43');
INSERT INTO `admin_role_users` VALUES ('2', '885', '2025-06-12 11:23:43', '2025-06-12 11:23:43');
INSERT INTO `admin_role_users` VALUES ('2', '886', '2025-06-12 11:23:43', '2025-06-12 11:23:43');
INSERT INTO `admin_role_users` VALUES ('2', '887', '2025-06-12 11:23:43', '2025-06-12 11:23:43');
INSERT INTO `admin_role_users` VALUES ('2', '888', '2025-06-12 11:23:43', '2025-06-12 11:23:43');
INSERT INTO `admin_role_users` VALUES ('2', '889', '2025-06-12 11:23:43', '2025-06-12 11:23:43');
INSERT INTO `admin_role_users` VALUES ('2', '890', '2025-06-12 11:23:43', '2025-06-12 11:23:43');
INSERT INTO `admin_role_users` VALUES ('2', '891', '2025-06-12 11:23:43', '2025-06-12 11:23:43');
INSERT INTO `admin_role_users` VALUES ('2', '892', '2025-06-12 11:23:43', '2025-06-12 11:23:43');
INSERT INTO `admin_role_users` VALUES ('2', '893', '2025-06-12 11:23:43', '2025-06-12 11:23:43');
INSERT INTO `admin_role_users` VALUES ('2', '894', '2025-06-12 11:23:43', '2025-06-12 11:23:43');
INSERT INTO `admin_role_users` VALUES ('2', '895', '2025-06-12 11:23:43', '2025-06-12 11:23:43');
INSERT INTO `admin_role_users` VALUES ('2', '896', '2025-06-12 11:23:43', '2025-06-12 11:23:43');
INSERT INTO `admin_role_users` VALUES ('2', '897', '2025-06-12 11:23:43', '2025-06-12 11:23:43');
INSERT INTO `admin_role_users` VALUES ('2', '898', '2025-06-12 11:23:44', '2025-06-12 11:23:44');
INSERT INTO `admin_role_users` VALUES ('2', '899', '2025-06-12 11:23:44', '2025-06-12 11:23:44');
INSERT INTO `admin_role_users` VALUES ('2', '900', '2025-06-12 11:23:44', '2025-06-12 11:23:44');
INSERT INTO `admin_role_users` VALUES ('2', '901', '2025-06-12 11:23:44', '2025-06-12 11:23:44');
INSERT INTO `admin_role_users` VALUES ('2', '902', '2025-06-12 11:23:44', '2025-06-12 11:23:44');
INSERT INTO `admin_role_users` VALUES ('2', '903', '2025-06-12 11:23:44', '2025-06-12 11:23:44');
INSERT INTO `admin_role_users` VALUES ('2', '904', '2025-06-12 11:23:44', '2025-06-12 11:23:44');
INSERT INTO `admin_role_users` VALUES ('2', '905', '2025-06-12 11:23:44', '2025-06-12 11:23:44');
INSERT INTO `admin_role_users` VALUES ('2', '906', '2025-06-12 11:23:44', '2025-06-12 11:23:44');
INSERT INTO `admin_role_users` VALUES ('2', '907', '2025-06-12 11:23:44', '2025-06-12 11:23:44');
INSERT INTO `admin_role_users` VALUES ('2', '908', '2025-06-12 11:23:44', '2025-06-12 11:23:44');
INSERT INTO `admin_role_users` VALUES ('2', '909', '2025-06-12 11:23:44', '2025-06-12 11:23:44');
INSERT INTO `admin_role_users` VALUES ('2', '910', '2025-06-12 11:23:44', '2025-06-12 11:23:44');
INSERT INTO `admin_role_users` VALUES ('2', '911', '2025-06-12 11:23:44', '2025-06-12 11:23:44');
INSERT INTO `admin_role_users` VALUES ('2', '912', '2025-06-12 11:23:44', '2025-06-12 11:23:44');
INSERT INTO `admin_role_users` VALUES ('2', '913', '2025-06-12 11:23:44', '2025-06-12 11:23:44');
INSERT INTO `admin_role_users` VALUES ('2', '914', '2025-06-12 11:23:44', '2025-06-12 11:23:44');
INSERT INTO `admin_role_users` VALUES ('2', '915', '2025-06-12 11:23:45', '2025-06-12 11:23:45');
INSERT INTO `admin_role_users` VALUES ('2', '916', '2025-06-12 11:23:45', '2025-06-12 11:23:45');
INSERT INTO `admin_role_users` VALUES ('2', '917', '2025-06-12 11:23:45', '2025-06-12 11:23:45');
INSERT INTO `admin_role_users` VALUES ('2', '918', '2025-06-12 11:23:45', '2025-06-12 11:23:45');
INSERT INTO `admin_role_users` VALUES ('2', '919', '2025-06-12 11:23:45', '2025-06-12 11:23:45');
INSERT INTO `admin_role_users` VALUES ('2', '920', '2025-06-12 11:23:45', '2025-06-12 11:23:45');
INSERT INTO `admin_role_users` VALUES ('2', '921', '2025-06-12 11:23:45', '2025-06-12 11:23:45');
INSERT INTO `admin_role_users` VALUES ('2', '922', '2025-06-12 11:23:45', '2025-06-12 11:23:45');
INSERT INTO `admin_role_users` VALUES ('2', '923', '2025-06-12 11:23:45', '2025-06-12 11:23:45');
INSERT INTO `admin_role_users` VALUES ('2', '924', '2025-06-12 11:23:45', '2025-06-12 11:23:45');
INSERT INTO `admin_role_users` VALUES ('2', '925', '2025-06-12 11:23:45', '2025-06-12 11:23:45');
INSERT INTO `admin_role_users` VALUES ('2', '926', '2025-06-12 11:23:45', '2025-06-12 11:23:45');
INSERT INTO `admin_role_users` VALUES ('2', '927', '2025-06-12 11:23:45', '2025-06-12 11:23:45');
INSERT INTO `admin_role_users` VALUES ('2', '928', '2025-06-12 11:23:45', '2025-06-12 11:23:45');
INSERT INTO `admin_role_users` VALUES ('2', '929', '2025-06-12 11:23:45', '2025-06-12 11:23:45');
INSERT INTO `admin_role_users` VALUES ('2', '930', '2025-06-12 11:23:45', '2025-06-12 11:23:45');
INSERT INTO `admin_role_users` VALUES ('2', '931', '2025-06-12 11:23:45', '2025-06-12 11:23:45');
INSERT INTO `admin_role_users` VALUES ('2', '932', '2025-06-12 11:23:46', '2025-06-12 11:23:46');
INSERT INTO `admin_role_users` VALUES ('2', '933', '2025-06-12 11:23:46', '2025-06-12 11:23:46');
INSERT INTO `admin_role_users` VALUES ('2', '934', '2025-06-12 11:23:46', '2025-06-12 11:23:46');
INSERT INTO `admin_role_users` VALUES ('2', '935', '2025-06-12 11:23:46', '2025-06-12 11:23:46');
INSERT INTO `admin_role_users` VALUES ('2', '936', '2025-06-12 11:23:46', '2025-06-12 11:23:46');
INSERT INTO `admin_role_users` VALUES ('2', '937', '2025-06-12 11:23:46', '2025-06-12 11:23:46');
INSERT INTO `admin_role_users` VALUES ('2', '938', '2025-06-12 11:23:46', '2025-06-12 11:23:46');
INSERT INTO `admin_role_users` VALUES ('2', '939', '2025-06-12 11:23:46', '2025-06-12 11:23:46');
INSERT INTO `admin_role_users` VALUES ('2', '940', '2025-06-12 11:23:46', '2025-06-12 11:23:46');
INSERT INTO `admin_role_users` VALUES ('2', '941', '2025-06-12 11:23:46', '2025-06-12 11:23:46');
INSERT INTO `admin_role_users` VALUES ('2', '942', '2025-06-12 11:23:46', '2025-06-12 11:23:46');
INSERT INTO `admin_role_users` VALUES ('2', '943', '2025-06-12 11:23:46', '2025-06-12 11:23:46');
INSERT INTO `admin_role_users` VALUES ('2', '944', '2025-06-12 11:23:46', '2025-06-12 11:23:46');
INSERT INTO `admin_role_users` VALUES ('2', '945', '2025-06-12 11:23:46', '2025-06-12 11:23:46');
INSERT INTO `admin_role_users` VALUES ('2', '946', '2025-06-12 11:23:46', '2025-06-12 11:23:46');
INSERT INTO `admin_role_users` VALUES ('2', '947', '2025-06-12 11:23:46', '2025-06-12 11:23:46');
INSERT INTO `admin_role_users` VALUES ('2', '948', '2025-06-12 11:23:47', '2025-06-12 11:23:47');
INSERT INTO `admin_role_users` VALUES ('2', '949', '2025-06-12 11:23:47', '2025-06-12 11:23:47');
INSERT INTO `admin_role_users` VALUES ('2', '950', '2025-06-12 11:23:47', '2025-06-12 11:23:47');
INSERT INTO `admin_role_users` VALUES ('2', '951', '2025-06-12 11:23:47', '2025-06-12 11:23:47');
INSERT INTO `admin_role_users` VALUES ('2', '952', '2025-06-12 11:23:47', '2025-06-12 11:23:47');
INSERT INTO `admin_role_users` VALUES ('2', '953', '2025-06-12 11:23:47', '2025-06-12 11:23:47');
INSERT INTO `admin_role_users` VALUES ('2', '954', '2025-06-12 11:23:47', '2025-06-12 11:23:47');
INSERT INTO `admin_role_users` VALUES ('2', '955', '2025-06-12 11:23:47', '2025-06-12 11:23:47');
INSERT INTO `admin_role_users` VALUES ('2', '956', '2025-06-12 11:23:47', '2025-06-12 11:23:47');
INSERT INTO `admin_role_users` VALUES ('2', '957', '2025-06-12 11:23:47', '2025-06-12 11:23:47');
INSERT INTO `admin_role_users` VALUES ('2', '958', '2025-06-12 11:23:47', '2025-06-12 11:23:47');
INSERT INTO `admin_role_users` VALUES ('2', '959', '2025-06-12 11:23:47', '2025-06-12 11:23:47');
INSERT INTO `admin_role_users` VALUES ('2', '960', '2025-06-12 11:23:47', '2025-06-12 11:23:47');
INSERT INTO `admin_role_users` VALUES ('2', '961', '2025-06-12 11:23:47', '2025-06-12 11:23:47');
INSERT INTO `admin_role_users` VALUES ('2', '962', '2025-06-12 11:23:47', '2025-06-12 11:23:47');
INSERT INTO `admin_role_users` VALUES ('2', '963', '2025-06-12 11:23:47', '2025-06-12 11:23:47');
INSERT INTO `admin_role_users` VALUES ('2', '964', '2025-06-12 11:23:47', '2025-06-12 11:23:47');
INSERT INTO `admin_role_users` VALUES ('2', '965', '2025-06-12 11:23:48', '2025-06-12 11:23:48');
INSERT INTO `admin_role_users` VALUES ('2', '966', '2025-06-12 11:23:48', '2025-06-12 11:23:48');
INSERT INTO `admin_role_users` VALUES ('2', '967', '2025-06-12 11:23:48', '2025-06-12 11:23:48');
INSERT INTO `admin_role_users` VALUES ('2', '968', '2025-06-12 11:23:48', '2025-06-12 11:23:48');
INSERT INTO `admin_role_users` VALUES ('2', '969', '2025-06-12 11:23:48', '2025-06-12 11:23:48');
INSERT INTO `admin_role_users` VALUES ('2', '970', '2025-06-12 11:23:48', '2025-06-12 11:23:48');
INSERT INTO `admin_role_users` VALUES ('2', '971', '2025-06-12 11:23:48', '2025-06-12 11:23:48');
INSERT INTO `admin_role_users` VALUES ('2', '972', '2025-06-12 11:23:48', '2025-06-12 11:23:48');
INSERT INTO `admin_role_users` VALUES ('2', '973', '2025-06-12 11:23:48', '2025-06-12 11:23:48');
INSERT INTO `admin_role_users` VALUES ('2', '974', '2025-06-12 11:23:48', '2025-06-12 11:23:48');
INSERT INTO `admin_role_users` VALUES ('2', '975', '2025-06-12 11:23:48', '2025-06-12 11:23:48');
INSERT INTO `admin_role_users` VALUES ('2', '976', '2025-06-12 11:23:48', '2025-06-12 11:23:48');
INSERT INTO `admin_role_users` VALUES ('2', '977', '2025-06-12 11:23:48', '2025-06-12 11:23:48');
INSERT INTO `admin_role_users` VALUES ('2', '978', '2025-06-12 11:23:48', '2025-06-12 11:23:48');
INSERT INTO `admin_role_users` VALUES ('2', '979', '2025-06-12 11:23:48', '2025-06-12 11:23:48');
INSERT INTO `admin_role_users` VALUES ('2', '980', '2025-06-12 11:23:48', '2025-06-12 11:23:48');
INSERT INTO `admin_role_users` VALUES ('2', '981', '2025-06-12 11:23:48', '2025-06-12 11:23:48');
INSERT INTO `admin_role_users` VALUES ('2', '982', '2025-06-12 11:23:48', '2025-06-12 11:23:48');
INSERT INTO `admin_role_users` VALUES ('2', '983', '2025-06-12 11:23:49', '2025-06-12 11:23:49');
INSERT INTO `admin_role_users` VALUES ('2', '984', '2025-06-12 11:23:49', '2025-06-12 11:23:49');
INSERT INTO `admin_role_users` VALUES ('2', '985', '2025-06-12 11:23:49', '2025-06-12 11:23:49');
INSERT INTO `admin_role_users` VALUES ('2', '986', '2025-06-12 11:23:49', '2025-06-12 11:23:49');
INSERT INTO `admin_role_users` VALUES ('2', '987', '2025-06-12 11:23:49', '2025-06-12 11:23:49');
INSERT INTO `admin_role_users` VALUES ('2', '988', '2025-06-12 11:23:49', '2025-06-12 11:23:49');
INSERT INTO `admin_role_users` VALUES ('2', '989', '2025-06-12 11:23:49', '2025-06-12 11:23:49');
INSERT INTO `admin_role_users` VALUES ('2', '990', '2025-06-12 11:23:49', '2025-06-12 11:23:49');
INSERT INTO `admin_role_users` VALUES ('2', '991', '2025-06-12 11:23:49', '2025-06-12 11:23:49');
INSERT INTO `admin_role_users` VALUES ('2', '992', '2025-06-12 11:23:49', '2025-06-12 11:23:49');
INSERT INTO `admin_role_users` VALUES ('2', '993', '2025-06-12 11:23:49', '2025-06-12 11:23:49');
INSERT INTO `admin_role_users` VALUES ('2', '994', '2025-06-12 11:23:49', '2025-06-12 11:23:49');
INSERT INTO `admin_role_users` VALUES ('2', '995', '2025-06-12 11:23:49', '2025-06-12 11:23:49');
INSERT INTO `admin_role_users` VALUES ('2', '996', '2025-06-12 11:23:49', '2025-06-12 11:23:49');
INSERT INTO `admin_role_users` VALUES ('2', '997', '2025-06-12 11:23:49', '2025-06-12 11:23:49');
INSERT INTO `admin_role_users` VALUES ('2', '998', '2025-06-12 11:23:49', '2025-06-12 11:23:49');
INSERT INTO `admin_role_users` VALUES ('2', '999', '2025-06-12 11:23:49', '2025-06-12 11:23:49');
INSERT INTO `admin_role_users` VALUES ('2', '1000', '2025-06-12 11:23:50', '2025-06-12 11:23:50');
INSERT INTO `admin_role_users` VALUES ('2', '1001', '2025-06-12 11:23:50', '2025-06-12 11:23:50');
INSERT INTO `admin_role_users` VALUES ('2', '1002', '2025-06-12 11:24:04', '2025-06-12 11:24:04');
INSERT INTO `admin_role_users` VALUES ('2', '1003', '2025-06-12 11:24:04', '2025-06-12 11:24:04');
INSERT INTO `admin_role_users` VALUES ('2', '1004', '2025-06-12 11:24:04', '2025-06-12 11:24:04');
INSERT INTO `admin_role_users` VALUES ('2', '1005', '2025-06-12 11:24:04', '2025-06-12 11:24:04');
INSERT INTO `admin_role_users` VALUES ('2', '1006', '2025-06-12 11:24:04', '2025-06-12 11:24:04');
INSERT INTO `admin_role_users` VALUES ('2', '1007', '2025-06-12 11:24:05', '2025-06-12 11:24:05');
INSERT INTO `admin_role_users` VALUES ('2', '1008', '2025-06-12 11:24:05', '2025-06-12 11:24:05');
INSERT INTO `admin_role_users` VALUES ('2', '1009', '2025-06-12 11:24:05', '2025-06-12 11:24:05');
INSERT INTO `admin_role_users` VALUES ('2', '1010', '2025-06-12 11:24:05', '2025-06-12 11:24:05');
INSERT INTO `admin_role_users` VALUES ('2', '1011', '2025-06-12 11:24:05', '2025-06-12 11:24:05');
INSERT INTO `admin_role_users` VALUES ('2', '1012', '2025-06-12 11:24:05', '2025-06-12 11:24:05');
INSERT INTO `admin_role_users` VALUES ('2', '1013', '2025-06-12 11:24:05', '2025-06-12 11:24:05');
INSERT INTO `admin_role_users` VALUES ('2', '1014', '2025-06-12 11:24:05', '2025-06-12 11:24:05');
INSERT INTO `admin_role_users` VALUES ('2', '1015', '2025-06-12 11:24:05', '2025-06-12 11:24:05');
INSERT INTO `admin_role_users` VALUES ('2', '1016', '2025-06-12 11:24:05', '2025-06-12 11:24:05');
INSERT INTO `admin_role_users` VALUES ('2', '1017', '2025-06-12 11:24:05', '2025-06-12 11:24:05');
INSERT INTO `admin_role_users` VALUES ('2', '1018', '2025-06-12 11:24:05', '2025-06-12 11:24:05');
INSERT INTO `admin_role_users` VALUES ('2', '1019', '2025-06-12 11:24:05', '2025-06-12 11:24:05');
INSERT INTO `admin_role_users` VALUES ('2', '1020', '2025-06-12 11:24:05', '2025-06-12 11:24:05');
INSERT INTO `admin_role_users` VALUES ('2', '1021', '2025-06-12 11:24:05', '2025-06-12 11:24:05');
INSERT INTO `admin_role_users` VALUES ('2', '1022', '2025-06-12 11:24:05', '2025-06-12 11:24:05');
INSERT INTO `admin_role_users` VALUES ('2', '1023', '2025-06-12 11:24:05', '2025-06-12 11:24:05');
INSERT INTO `admin_role_users` VALUES ('2', '1024', '2025-06-12 11:24:06', '2025-06-12 11:24:06');
INSERT INTO `admin_role_users` VALUES ('2', '1025', '2025-06-12 11:24:06', '2025-06-12 11:24:06');
INSERT INTO `admin_role_users` VALUES ('2', '1026', '2025-06-12 11:24:06', '2025-06-12 11:24:06');
INSERT INTO `admin_role_users` VALUES ('2', '1027', '2025-06-12 11:24:06', '2025-06-12 11:24:06');
INSERT INTO `admin_role_users` VALUES ('2', '1028', '2025-06-12 11:24:06', '2025-06-12 11:24:06');
INSERT INTO `admin_role_users` VALUES ('2', '1029', '2025-06-12 11:24:06', '2025-06-12 11:24:06');
INSERT INTO `admin_role_users` VALUES ('2', '1030', '2025-06-12 11:24:06', '2025-06-12 11:24:06');
INSERT INTO `admin_role_users` VALUES ('2', '1031', '2025-06-12 11:24:06', '2025-06-12 11:24:06');
INSERT INTO `admin_role_users` VALUES ('2', '1032', '2025-06-12 11:24:06', '2025-06-12 11:24:06');
INSERT INTO `admin_role_users` VALUES ('2', '1033', '2025-06-12 11:24:06', '2025-06-12 11:24:06');
INSERT INTO `admin_role_users` VALUES ('2', '1034', '2025-06-12 11:24:06', '2025-06-12 11:24:06');
INSERT INTO `admin_role_users` VALUES ('2', '1035', '2025-06-12 11:24:06', '2025-06-12 11:24:06');
INSERT INTO `admin_role_users` VALUES ('2', '1036', '2025-06-12 11:24:06', '2025-06-12 11:24:06');
INSERT INTO `admin_role_users` VALUES ('2', '1037', '2025-06-12 11:24:06', '2025-06-12 11:24:06');
INSERT INTO `admin_role_users` VALUES ('2', '1038', '2025-06-12 11:24:06', '2025-06-12 11:24:06');
INSERT INTO `admin_role_users` VALUES ('2', '1039', '2025-06-12 11:24:06', '2025-06-12 11:24:06');
INSERT INTO `admin_role_users` VALUES ('2', '1040', '2025-06-12 11:24:06', '2025-06-12 11:24:06');
INSERT INTO `admin_role_users` VALUES ('2', '1041', '2025-06-12 11:24:07', '2025-06-12 11:24:07');
INSERT INTO `admin_role_users` VALUES ('2', '1042', '2025-06-12 11:24:07', '2025-06-12 11:24:07');
INSERT INTO `admin_role_users` VALUES ('2', '1043', '2025-06-12 11:24:07', '2025-06-12 11:24:07');
INSERT INTO `admin_role_users` VALUES ('2', '1044', '2025-06-12 11:24:07', '2025-06-12 11:24:07');
INSERT INTO `admin_role_users` VALUES ('2', '1045', '2025-06-12 11:24:07', '2025-06-12 11:24:07');
INSERT INTO `admin_role_users` VALUES ('2', '1046', '2025-06-12 11:24:07', '2025-06-12 11:24:07');
INSERT INTO `admin_role_users` VALUES ('2', '1047', '2025-06-12 11:24:07', '2025-06-12 11:24:07');
INSERT INTO `admin_role_users` VALUES ('2', '1048', '2025-06-12 11:24:07', '2025-06-12 11:24:07');
INSERT INTO `admin_role_users` VALUES ('2', '1049', '2025-06-12 11:24:07', '2025-06-12 11:24:07');
INSERT INTO `admin_role_users` VALUES ('2', '1050', '2025-06-12 11:24:07', '2025-06-12 11:24:07');
INSERT INTO `admin_role_users` VALUES ('2', '1051', '2025-06-12 11:24:07', '2025-06-12 11:24:07');
INSERT INTO `admin_role_users` VALUES ('2', '1052', '2025-06-12 11:24:07', '2025-06-12 11:24:07');
INSERT INTO `admin_role_users` VALUES ('2', '1053', '2025-06-12 11:24:07', '2025-06-12 11:24:07');
INSERT INTO `admin_role_users` VALUES ('2', '1054', '2025-06-12 11:24:07', '2025-06-12 11:24:07');
INSERT INTO `admin_role_users` VALUES ('2', '1055', '2025-06-12 11:24:07', '2025-06-12 11:24:07');
INSERT INTO `admin_role_users` VALUES ('2', '1056', '2025-06-12 11:24:07', '2025-06-12 11:24:07');
INSERT INTO `admin_role_users` VALUES ('2', '1057', '2025-06-12 11:24:07', '2025-06-12 11:24:07');
INSERT INTO `admin_role_users` VALUES ('2', '1058', '2025-06-12 11:24:07', '2025-06-12 11:24:07');
INSERT INTO `admin_role_users` VALUES ('2', '1059', '2025-06-12 11:24:08', '2025-06-12 11:24:08');
INSERT INTO `admin_role_users` VALUES ('2', '1060', '2025-06-12 11:24:08', '2025-06-12 11:24:08');
INSERT INTO `admin_role_users` VALUES ('2', '1061', '2025-06-12 11:24:08', '2025-06-12 11:24:08');
INSERT INTO `admin_role_users` VALUES ('2', '1062', '2025-06-12 11:24:08', '2025-06-12 11:24:08');
INSERT INTO `admin_role_users` VALUES ('2', '1063', '2025-06-12 11:24:08', '2025-06-12 11:24:08');
INSERT INTO `admin_role_users` VALUES ('2', '1064', '2025-06-12 11:24:08', '2025-06-12 11:24:08');
INSERT INTO `admin_role_users` VALUES ('2', '1065', '2025-06-12 11:24:08', '2025-06-12 11:24:08');
INSERT INTO `admin_role_users` VALUES ('2', '1066', '2025-06-12 11:24:08', '2025-06-12 11:24:08');
INSERT INTO `admin_role_users` VALUES ('2', '1067', '2025-06-12 11:24:08', '2025-06-12 11:24:08');
INSERT INTO `admin_role_users` VALUES ('2', '1068', '2025-06-12 11:24:08', '2025-06-12 11:24:08');
INSERT INTO `admin_role_users` VALUES ('2', '1069', '2025-06-12 11:24:08', '2025-06-12 11:24:08');
INSERT INTO `admin_role_users` VALUES ('2', '1070', '2025-06-12 11:24:08', '2025-06-12 11:24:08');
INSERT INTO `admin_role_users` VALUES ('2', '1071', '2025-06-12 11:24:08', '2025-06-12 11:24:08');
INSERT INTO `admin_role_users` VALUES ('2', '1072', '2025-06-12 11:24:08', '2025-06-12 11:24:08');
INSERT INTO `admin_role_users` VALUES ('2', '1073', '2025-06-12 11:24:08', '2025-06-12 11:24:08');
INSERT INTO `admin_role_users` VALUES ('2', '1074', '2025-06-12 11:24:08', '2025-06-12 11:24:08');
INSERT INTO `admin_role_users` VALUES ('2', '1075', '2025-06-12 11:24:08', '2025-06-12 11:24:08');
INSERT INTO `admin_role_users` VALUES ('2', '1076', '2025-06-12 11:24:09', '2025-06-12 11:24:09');
INSERT INTO `admin_role_users` VALUES ('2', '1077', '2025-06-12 11:24:09', '2025-06-12 11:24:09');
INSERT INTO `admin_role_users` VALUES ('2', '1078', '2025-06-12 11:24:09', '2025-06-12 11:24:09');
INSERT INTO `admin_role_users` VALUES ('2', '1079', '2025-06-12 11:24:09', '2025-06-12 11:24:09');
INSERT INTO `admin_role_users` VALUES ('2', '1080', '2025-06-12 11:24:09', '2025-06-12 11:24:09');
INSERT INTO `admin_role_users` VALUES ('2', '1081', '2025-06-12 11:24:09', '2025-06-12 11:24:09');
INSERT INTO `admin_role_users` VALUES ('2', '1082', '2025-06-12 11:24:09', '2025-06-12 11:24:09');
INSERT INTO `admin_role_users` VALUES ('2', '1083', '2025-06-12 11:24:09', '2025-06-12 11:24:09');
INSERT INTO `admin_role_users` VALUES ('2', '1084', '2025-06-12 11:24:09', '2025-06-12 11:24:09');
INSERT INTO `admin_role_users` VALUES ('2', '1085', '2025-06-12 11:24:09', '2025-06-12 11:24:09');
INSERT INTO `admin_role_users` VALUES ('2', '1086', '2025-06-12 11:24:09', '2025-06-12 11:24:09');
INSERT INTO `admin_role_users` VALUES ('2', '1087', '2025-06-12 11:24:09', '2025-06-12 11:24:09');
INSERT INTO `admin_role_users` VALUES ('2', '1088', '2025-06-12 11:24:09', '2025-06-12 11:24:09');
INSERT INTO `admin_role_users` VALUES ('2', '1089', '2025-06-12 11:24:09', '2025-06-12 11:24:09');
INSERT INTO `admin_role_users` VALUES ('2', '1090', '2025-06-12 11:24:09', '2025-06-12 11:24:09');
INSERT INTO `admin_role_users` VALUES ('2', '1091', '2025-06-12 11:24:09', '2025-06-12 11:24:09');
INSERT INTO `admin_role_users` VALUES ('2', '1092', '2025-06-12 11:24:09', '2025-06-12 11:24:09');
INSERT INTO `admin_role_users` VALUES ('2', '1093', '2025-06-12 11:24:10', '2025-06-12 11:24:10');
INSERT INTO `admin_role_users` VALUES ('2', '1094', '2025-06-12 11:24:10', '2025-06-12 11:24:10');
INSERT INTO `admin_role_users` VALUES ('2', '1095', '2025-06-12 11:24:10', '2025-06-12 11:24:10');
INSERT INTO `admin_role_users` VALUES ('2', '1096', '2025-06-12 11:24:10', '2025-06-12 11:24:10');
INSERT INTO `admin_role_users` VALUES ('2', '1097', '2025-06-12 11:24:10', '2025-06-12 11:24:10');
INSERT INTO `admin_role_users` VALUES ('2', '1098', '2025-06-12 11:24:10', '2025-06-12 11:24:10');
INSERT INTO `admin_role_users` VALUES ('2', '1099', '2025-06-12 11:24:10', '2025-06-12 11:24:10');
INSERT INTO `admin_role_users` VALUES ('2', '1100', '2025-06-12 11:24:10', '2025-06-12 11:24:10');
INSERT INTO `admin_role_users` VALUES ('2', '1101', '2025-06-12 11:24:10', '2025-06-12 11:24:10');
INSERT INTO `admin_role_users` VALUES ('2', '1102', '2025-06-12 11:24:10', '2025-06-12 11:24:10');
INSERT INTO `admin_role_users` VALUES ('2', '1103', '2025-06-12 11:24:10', '2025-06-12 11:24:10');
INSERT INTO `admin_role_users` VALUES ('2', '1104', '2025-06-12 11:24:10', '2025-06-12 11:24:10');
INSERT INTO `admin_role_users` VALUES ('2', '1105', '2025-06-12 11:24:10', '2025-06-12 11:24:10');
INSERT INTO `admin_role_users` VALUES ('2', '1106', '2025-06-12 11:24:10', '2025-06-12 11:24:10');
INSERT INTO `admin_role_users` VALUES ('2', '1107', '2025-06-12 11:24:10', '2025-06-12 11:24:10');
INSERT INTO `admin_role_users` VALUES ('2', '1108', '2025-06-12 11:24:11', '2025-06-12 11:24:11');
INSERT INTO `admin_role_users` VALUES ('2', '1109', '2025-06-12 11:24:11', '2025-06-12 11:24:11');
INSERT INTO `admin_role_users` VALUES ('2', '1110', '2025-06-12 11:24:11', '2025-06-12 11:24:11');
INSERT INTO `admin_role_users` VALUES ('2', '1111', '2025-06-12 11:24:11', '2025-06-12 11:24:11');
INSERT INTO `admin_role_users` VALUES ('2', '1112', '2025-06-12 11:24:11', '2025-06-12 11:24:11');
INSERT INTO `admin_role_users` VALUES ('2', '1113', '2025-06-12 11:24:11', '2025-06-12 11:24:11');
INSERT INTO `admin_role_users` VALUES ('2', '1114', '2025-06-12 11:24:11', '2025-06-12 11:24:11');
INSERT INTO `admin_role_users` VALUES ('2', '1115', '2025-06-12 11:24:11', '2025-06-12 11:24:11');
INSERT INTO `admin_role_users` VALUES ('2', '1116', '2025-06-12 11:24:11', '2025-06-12 11:24:11');
INSERT INTO `admin_role_users` VALUES ('2', '1117', '2025-06-12 11:24:11', '2025-06-12 11:24:11');
INSERT INTO `admin_role_users` VALUES ('2', '1118', '2025-06-12 11:24:11', '2025-06-12 11:24:11');
INSERT INTO `admin_role_users` VALUES ('2', '1119', '2025-06-12 11:24:11', '2025-06-12 11:24:11');
INSERT INTO `admin_role_users` VALUES ('2', '1120', '2025-06-12 11:24:11', '2025-06-12 11:24:11');
INSERT INTO `admin_role_users` VALUES ('2', '1121', '2025-06-12 11:24:11', '2025-06-12 11:24:11');
INSERT INTO `admin_role_users` VALUES ('2', '1122', '2025-06-12 11:24:11', '2025-06-12 11:24:11');
INSERT INTO `admin_role_users` VALUES ('2', '1123', '2025-06-12 11:24:11', '2025-06-12 11:24:11');
INSERT INTO `admin_role_users` VALUES ('2', '1124', '2025-06-12 11:24:11', '2025-06-12 11:24:11');
INSERT INTO `admin_role_users` VALUES ('2', '1125', '2025-06-12 11:24:11', '2025-06-12 11:24:11');
INSERT INTO `admin_role_users` VALUES ('2', '1126', '2025-06-12 11:24:12', '2025-06-12 11:24:12');
INSERT INTO `admin_role_users` VALUES ('2', '1127', '2025-06-12 11:24:12', '2025-06-12 11:24:12');
INSERT INTO `admin_role_users` VALUES ('2', '1128', '2025-06-12 11:24:12', '2025-06-12 11:24:12');
INSERT INTO `admin_role_users` VALUES ('2', '1129', '2025-06-12 11:24:12', '2025-06-12 11:24:12');
INSERT INTO `admin_role_users` VALUES ('2', '1130', '2025-06-12 11:24:12', '2025-06-12 11:24:12');
INSERT INTO `admin_role_users` VALUES ('2', '1131', '2025-06-12 11:24:12', '2025-06-12 11:24:12');
INSERT INTO `admin_role_users` VALUES ('2', '1132', '2025-06-12 11:24:12', '2025-06-12 11:24:12');
INSERT INTO `admin_role_users` VALUES ('2', '1133', '2025-06-12 11:24:12', '2025-06-12 11:24:12');
INSERT INTO `admin_role_users` VALUES ('2', '1134', '2025-06-12 11:24:12', '2025-06-12 11:24:12');
INSERT INTO `admin_role_users` VALUES ('2', '1135', '2025-06-12 11:24:12', '2025-06-12 11:24:12');
INSERT INTO `admin_role_users` VALUES ('2', '1136', '2025-06-12 11:24:12', '2025-06-12 11:24:12');
INSERT INTO `admin_role_users` VALUES ('2', '1137', '2025-06-12 11:24:12', '2025-06-12 11:24:12');
INSERT INTO `admin_role_users` VALUES ('2', '1138', '2025-06-12 11:24:12', '2025-06-12 11:24:12');
INSERT INTO `admin_role_users` VALUES ('2', '1139', '2025-06-12 11:24:12', '2025-06-12 11:24:12');
INSERT INTO `admin_role_users` VALUES ('2', '1140', '2025-06-12 11:24:12', '2025-06-12 11:24:12');
INSERT INTO `admin_role_users` VALUES ('2', '1141', '2025-06-12 11:24:12', '2025-06-12 11:24:12');
INSERT INTO `admin_role_users` VALUES ('2', '1142', '2025-06-12 11:24:12', '2025-06-12 11:24:12');
INSERT INTO `admin_role_users` VALUES ('2', '1143', '2025-06-12 11:24:13', '2025-06-12 11:24:13');
INSERT INTO `admin_role_users` VALUES ('2', '1144', '2025-06-12 11:24:13', '2025-06-12 11:24:13');
INSERT INTO `admin_role_users` VALUES ('2', '1145', '2025-06-12 11:24:13', '2025-06-12 11:24:13');
INSERT INTO `admin_role_users` VALUES ('2', '1146', '2025-06-12 11:24:13', '2025-06-12 11:24:13');
INSERT INTO `admin_role_users` VALUES ('2', '1147', '2025-06-12 11:24:13', '2025-06-12 11:24:13');
INSERT INTO `admin_role_users` VALUES ('2', '1148', '2025-06-12 11:24:13', '2025-06-12 11:24:13');
INSERT INTO `admin_role_users` VALUES ('2', '1149', '2025-06-12 11:24:13', '2025-06-12 11:24:13');
INSERT INTO `admin_role_users` VALUES ('2', '1150', '2025-06-12 11:24:13', '2025-06-12 11:24:13');
INSERT INTO `admin_role_users` VALUES ('2', '1151', '2025-06-12 11:24:13', '2025-06-12 11:24:13');
INSERT INTO `admin_role_users` VALUES ('2', '1152', '2025-06-12 11:24:13', '2025-06-12 11:24:13');
INSERT INTO `admin_role_users` VALUES ('2', '1153', '2025-06-12 11:24:13', '2025-06-12 11:24:13');
INSERT INTO `admin_role_users` VALUES ('2', '1154', '2025-06-12 11:24:13', '2025-06-12 11:24:13');
INSERT INTO `admin_role_users` VALUES ('2', '1155', '2025-06-12 11:24:13', '2025-06-12 11:24:13');
INSERT INTO `admin_role_users` VALUES ('2', '1156', '2025-06-12 11:24:13', '2025-06-12 11:24:13');
INSERT INTO `admin_role_users` VALUES ('2', '1157', '2025-06-12 11:24:13', '2025-06-12 11:24:13');
INSERT INTO `admin_role_users` VALUES ('2', '1158', '2025-06-12 11:24:13', '2025-06-12 11:24:13');
INSERT INTO `admin_role_users` VALUES ('2', '1159', '2025-06-12 11:24:13', '2025-06-12 11:24:13');
INSERT INTO `admin_role_users` VALUES ('2', '1160', '2025-06-12 11:24:14', '2025-06-12 11:24:14');
INSERT INTO `admin_role_users` VALUES ('2', '1161', '2025-06-12 11:24:14', '2025-06-12 11:24:14');
INSERT INTO `admin_role_users` VALUES ('2', '1162', '2025-06-12 11:24:14', '2025-06-12 11:24:14');
INSERT INTO `admin_role_users` VALUES ('2', '1163', '2025-06-12 11:24:14', '2025-06-12 11:24:14');
INSERT INTO `admin_role_users` VALUES ('2', '1164', '2025-06-12 11:24:14', '2025-06-12 11:24:14');
INSERT INTO `admin_role_users` VALUES ('2', '1165', '2025-06-12 11:24:14', '2025-06-12 11:24:14');
INSERT INTO `admin_role_users` VALUES ('2', '1166', '2025-06-12 11:24:14', '2025-06-12 11:24:14');
INSERT INTO `admin_role_users` VALUES ('2', '1167', '2025-06-12 11:24:14', '2025-06-12 11:24:14');
INSERT INTO `admin_role_users` VALUES ('2', '1168', '2025-06-12 11:24:14', '2025-06-12 11:24:14');
INSERT INTO `admin_role_users` VALUES ('2', '1169', '2025-06-12 11:24:14', '2025-06-12 11:24:14');
INSERT INTO `admin_role_users` VALUES ('2', '1170', '2025-06-12 11:24:14', '2025-06-12 11:24:14');
INSERT INTO `admin_role_users` VALUES ('2', '1171', '2025-06-12 11:24:14', '2025-06-12 11:24:14');
INSERT INTO `admin_role_users` VALUES ('2', '1172', '2025-06-12 11:24:14', '2025-06-12 11:24:14');
INSERT INTO `admin_role_users` VALUES ('2', '1173', '2025-06-12 11:24:14', '2025-06-12 11:24:14');
INSERT INTO `admin_role_users` VALUES ('2', '1174', '2025-06-12 11:24:14', '2025-06-12 11:24:14');
INSERT INTO `admin_role_users` VALUES ('2', '1175', '2025-06-12 11:24:14', '2025-06-12 11:24:14');
INSERT INTO `admin_role_users` VALUES ('2', '1176', '2025-06-12 11:24:14', '2025-06-12 11:24:14');
INSERT INTO `admin_role_users` VALUES ('2', '1177', '2025-06-12 11:24:15', '2025-06-12 11:24:15');
INSERT INTO `admin_role_users` VALUES ('2', '1178', '2025-06-12 11:24:15', '2025-06-12 11:24:15');
INSERT INTO `admin_role_users` VALUES ('2', '1179', '2025-06-12 11:24:15', '2025-06-12 11:24:15');
INSERT INTO `admin_role_users` VALUES ('2', '1180', '2025-06-12 11:24:15', '2025-06-12 11:24:15');
INSERT INTO `admin_role_users` VALUES ('2', '1181', '2025-06-12 11:24:15', '2025-06-12 11:24:15');
INSERT INTO `admin_role_users` VALUES ('2', '1182', '2025-06-12 11:24:15', '2025-06-12 11:24:15');
INSERT INTO `admin_role_users` VALUES ('2', '1183', '2025-06-12 11:24:15', '2025-06-12 11:24:15');
INSERT INTO `admin_role_users` VALUES ('2', '1184', '2025-06-12 11:24:15', '2025-06-12 11:24:15');
INSERT INTO `admin_role_users` VALUES ('2', '1185', '2025-06-12 11:24:15', '2025-06-12 11:24:15');
INSERT INTO `admin_role_users` VALUES ('2', '1186', '2025-06-12 11:24:15', '2025-06-12 11:24:15');
INSERT INTO `admin_role_users` VALUES ('2', '1187', '2025-06-12 11:24:15', '2025-06-12 11:24:15');
INSERT INTO `admin_role_users` VALUES ('2', '1188', '2025-06-12 11:24:15', '2025-06-12 11:24:15');
INSERT INTO `admin_role_users` VALUES ('2', '1189', '2025-06-12 11:24:15', '2025-06-12 11:24:15');
INSERT INTO `admin_role_users` VALUES ('2', '1190', '2025-06-12 11:24:15', '2025-06-12 11:24:15');
INSERT INTO `admin_role_users` VALUES ('2', '1191', '2025-06-12 11:24:15', '2025-06-12 11:24:15');
INSERT INTO `admin_role_users` VALUES ('2', '1192', '2025-06-12 11:24:15', '2025-06-12 11:24:15');
INSERT INTO `admin_role_users` VALUES ('2', '1193', '2025-06-12 11:24:15', '2025-06-12 11:24:15');
INSERT INTO `admin_role_users` VALUES ('2', '1194', '2025-06-12 11:24:16', '2025-06-12 11:24:16');
INSERT INTO `admin_role_users` VALUES ('2', '1195', '2025-06-12 11:24:16', '2025-06-12 11:24:16');
INSERT INTO `admin_role_users` VALUES ('2', '1196', '2025-06-12 11:24:16', '2025-06-12 11:24:16');
INSERT INTO `admin_role_users` VALUES ('2', '1197', '2025-06-12 11:24:16', '2025-06-12 11:24:16');
INSERT INTO `admin_role_users` VALUES ('2', '1198', '2025-06-12 11:24:16', '2025-06-12 11:24:16');
INSERT INTO `admin_role_users` VALUES ('2', '1199', '2025-06-12 11:24:16', '2025-06-12 11:24:16');
INSERT INTO `admin_role_users` VALUES ('2', '1200', '2025-06-12 11:24:16', '2025-06-12 11:24:16');
INSERT INTO `admin_role_users` VALUES ('2', '1201', '2025-06-12 11:24:16', '2025-06-12 11:24:16');
INSERT INTO `admin_role_users` VALUES ('2', '1202', '2025-06-12 11:24:16', '2025-06-12 11:24:16');
INSERT INTO `admin_role_users` VALUES ('2', '1203', '2025-06-12 11:24:16', '2025-06-12 11:24:16');
INSERT INTO `admin_role_users` VALUES ('2', '1204', '2025-06-12 11:24:16', '2025-06-12 11:24:16');
INSERT INTO `admin_role_users` VALUES ('2', '1205', '2025-06-12 11:24:16', '2025-06-12 11:24:16');
INSERT INTO `admin_role_users` VALUES ('2', '1206', '2025-06-12 11:24:16', '2025-06-12 11:24:16');
INSERT INTO `admin_role_users` VALUES ('2', '1207', '2025-06-12 11:24:16', '2025-06-12 11:24:16');
INSERT INTO `admin_role_users` VALUES ('2', '1208', '2025-06-12 11:24:16', '2025-06-12 11:24:16');
INSERT INTO `admin_role_users` VALUES ('2', '1209', '2025-06-12 11:24:17', '2025-06-12 11:24:17');
INSERT INTO `admin_role_users` VALUES ('2', '1210', '2025-06-12 11:24:17', '2025-06-12 11:24:17');
INSERT INTO `admin_role_users` VALUES ('2', '1211', '2025-06-12 11:24:17', '2025-06-12 11:24:17');
INSERT INTO `admin_role_users` VALUES ('2', '1212', '2025-06-12 11:24:17', '2025-06-12 11:24:17');
INSERT INTO `admin_role_users` VALUES ('2', '1213', '2025-06-12 11:24:17', '2025-06-12 11:24:17');
INSERT INTO `admin_role_users` VALUES ('2', '1214', '2025-06-12 11:24:17', '2025-06-12 11:24:17');
INSERT INTO `admin_role_users` VALUES ('2', '1215', '2025-06-12 11:24:17', '2025-06-12 11:24:17');
INSERT INTO `admin_role_users` VALUES ('2', '1216', '2025-06-12 11:24:17', '2025-06-12 11:24:17');
INSERT INTO `admin_role_users` VALUES ('2', '1217', '2025-06-12 11:24:17', '2025-06-12 11:24:17');
INSERT INTO `admin_role_users` VALUES ('2', '1218', '2025-06-12 11:24:17', '2025-06-12 11:24:17');
INSERT INTO `admin_role_users` VALUES ('2', '1219', '2025-06-12 11:24:17', '2025-06-12 11:24:17');
INSERT INTO `admin_role_users` VALUES ('2', '1220', '2025-06-12 11:24:17', '2025-06-12 11:24:17');
INSERT INTO `admin_role_users` VALUES ('2', '1221', '2025-06-12 11:24:17', '2025-06-12 11:24:17');
INSERT INTO `admin_role_users` VALUES ('2', '1222', '2025-06-12 11:24:17', '2025-06-12 11:24:17');
INSERT INTO `admin_role_users` VALUES ('2', '1223', '2025-06-12 11:24:17', '2025-06-12 11:24:17');
INSERT INTO `admin_role_users` VALUES ('2', '1224', '2025-06-12 11:24:17', '2025-06-12 11:24:17');
INSERT INTO `admin_role_users` VALUES ('2', '1225', '2025-06-12 11:24:18', '2025-06-12 11:24:18');
INSERT INTO `admin_role_users` VALUES ('2', '1226', '2025-06-12 11:24:18', '2025-06-12 11:24:18');
INSERT INTO `admin_role_users` VALUES ('2', '1227', '2025-06-12 11:24:18', '2025-06-12 11:24:18');
INSERT INTO `admin_role_users` VALUES ('2', '1228', '2025-06-12 11:24:18', '2025-06-12 11:24:18');
INSERT INTO `admin_role_users` VALUES ('2', '1229', '2025-06-12 11:24:18', '2025-06-12 11:24:18');
INSERT INTO `admin_role_users` VALUES ('2', '1230', '2025-06-12 11:24:18', '2025-06-12 11:24:18');
INSERT INTO `admin_role_users` VALUES ('2', '1231', '2025-06-12 11:24:18', '2025-06-12 11:24:18');
INSERT INTO `admin_role_users` VALUES ('2', '1232', '2025-06-12 11:24:18', '2025-06-12 11:24:18');
INSERT INTO `admin_role_users` VALUES ('2', '1233', '2025-06-12 11:24:18', '2025-06-12 11:24:18');
INSERT INTO `admin_role_users` VALUES ('2', '1234', '2025-06-12 11:24:18', '2025-06-12 11:24:18');
INSERT INTO `admin_role_users` VALUES ('2', '1235', '2025-06-12 11:24:18', '2025-06-12 11:24:18');
INSERT INTO `admin_role_users` VALUES ('2', '1236', '2025-06-12 11:24:18', '2025-06-12 11:24:18');
INSERT INTO `admin_role_users` VALUES ('2', '1237', '2025-06-12 11:24:18', '2025-06-12 11:24:18');
INSERT INTO `admin_role_users` VALUES ('2', '1238', '2025-06-12 11:24:18', '2025-06-12 11:24:18');
INSERT INTO `admin_role_users` VALUES ('2', '1239', '2025-06-12 11:24:18', '2025-06-12 11:24:18');
INSERT INTO `admin_role_users` VALUES ('2', '1240', '2025-06-12 11:24:18', '2025-06-12 11:24:18');
INSERT INTO `admin_role_users` VALUES ('2', '1241', '2025-06-12 11:24:18', '2025-06-12 11:24:18');
INSERT INTO `admin_role_users` VALUES ('2', '1242', '2025-06-12 11:24:19', '2025-06-12 11:24:19');
INSERT INTO `admin_role_users` VALUES ('2', '1243', '2025-06-12 11:24:19', '2025-06-12 11:24:19');
INSERT INTO `admin_role_users` VALUES ('2', '1244', '2025-06-12 11:24:19', '2025-06-12 11:24:19');
INSERT INTO `admin_role_users` VALUES ('2', '1245', '2025-06-12 11:24:19', '2025-06-12 11:24:19');
INSERT INTO `admin_role_users` VALUES ('2', '1246', '2025-06-12 11:24:19', '2025-06-12 11:24:19');
INSERT INTO `admin_role_users` VALUES ('2', '1247', '2025-06-12 11:24:19', '2025-06-12 11:24:19');
INSERT INTO `admin_role_users` VALUES ('2', '1248', '2025-06-12 11:24:19', '2025-06-12 11:24:19');
INSERT INTO `admin_role_users` VALUES ('2', '1249', '2025-06-12 11:24:19', '2025-06-12 11:24:19');
INSERT INTO `admin_role_users` VALUES ('2', '1250', '2025-06-12 11:24:19', '2025-06-12 11:24:19');
INSERT INTO `admin_role_users` VALUES ('2', '1251', '2025-06-12 11:24:19', '2025-06-12 11:24:19');
INSERT INTO `admin_role_users` VALUES ('2', '1252', '2025-06-12 11:24:19', '2025-06-12 11:24:19');
INSERT INTO `admin_role_users` VALUES ('2', '1253', '2025-06-12 11:24:19', '2025-06-12 11:24:19');
INSERT INTO `admin_role_users` VALUES ('2', '1254', '2025-06-12 11:24:19', '2025-06-12 11:24:19');
INSERT INTO `admin_role_users` VALUES ('2', '1255', '2025-06-12 11:24:19', '2025-06-12 11:24:19');
INSERT INTO `admin_role_users` VALUES ('2', '1256', '2025-06-12 11:24:19', '2025-06-12 11:24:19');
INSERT INTO `admin_role_users` VALUES ('2', '1257', '2025-06-12 11:24:19', '2025-06-12 11:24:19');
INSERT INTO `admin_role_users` VALUES ('2', '1258', '2025-06-12 11:24:19', '2025-06-12 11:24:19');
INSERT INTO `admin_role_users` VALUES ('2', '1259', '2025-06-12 11:24:19', '2025-06-12 11:24:19');
INSERT INTO `admin_role_users` VALUES ('2', '1260', '2025-06-12 11:24:20', '2025-06-12 11:24:20');
INSERT INTO `admin_role_users` VALUES ('2', '1261', '2025-06-12 11:24:20', '2025-06-12 11:24:20');
INSERT INTO `admin_role_users` VALUES ('2', '1262', '2025-06-12 11:24:20', '2025-06-12 11:24:20');
INSERT INTO `admin_role_users` VALUES ('2', '1263', '2025-06-12 11:24:20', '2025-06-12 11:24:20');
INSERT INTO `admin_role_users` VALUES ('2', '1264', '2025-06-12 11:24:20', '2025-06-12 11:24:20');
INSERT INTO `admin_role_users` VALUES ('2', '1265', '2025-06-12 11:24:20', '2025-06-12 11:24:20');
INSERT INTO `admin_role_users` VALUES ('2', '1266', '2025-06-12 11:24:20', '2025-06-12 11:24:20');
INSERT INTO `admin_role_users` VALUES ('2', '1267', '2025-06-12 11:24:20', '2025-06-12 11:24:20');
INSERT INTO `admin_role_users` VALUES ('2', '1268', '2025-06-12 11:24:20', '2025-06-12 11:24:20');
INSERT INTO `admin_role_users` VALUES ('2', '1269', '2025-06-12 11:24:20', '2025-06-12 11:24:20');
INSERT INTO `admin_role_users` VALUES ('2', '1270', '2025-06-12 11:24:20', '2025-06-12 11:24:20');
INSERT INTO `admin_role_users` VALUES ('2', '1271', '2025-06-12 11:24:20', '2025-06-12 11:24:20');
INSERT INTO `admin_role_users` VALUES ('2', '1272', '2025-06-12 11:24:20', '2025-06-12 11:24:20');
INSERT INTO `admin_role_users` VALUES ('2', '1273', '2025-06-12 11:24:20', '2025-06-12 11:24:20');
INSERT INTO `admin_role_users` VALUES ('2', '1274', '2025-06-12 11:24:20', '2025-06-12 11:24:20');
INSERT INTO `admin_role_users` VALUES ('2', '1275', '2025-06-12 11:24:20', '2025-06-12 11:24:20');
INSERT INTO `admin_role_users` VALUES ('2', '1276', '2025-06-12 11:24:20', '2025-06-12 11:24:20');
INSERT INTO `admin_role_users` VALUES ('2', '1277', '2025-06-12 11:24:21', '2025-06-12 11:24:21');
INSERT INTO `admin_role_users` VALUES ('2', '1278', '2025-06-12 11:24:21', '2025-06-12 11:24:21');
INSERT INTO `admin_role_users` VALUES ('2', '1279', '2025-06-12 11:24:21', '2025-06-12 11:24:21');
INSERT INTO `admin_role_users` VALUES ('2', '1280', '2025-06-12 11:24:21', '2025-06-12 11:24:21');
INSERT INTO `admin_role_users` VALUES ('2', '1281', '2025-06-12 11:24:21', '2025-06-12 11:24:21');
INSERT INTO `admin_role_users` VALUES ('2', '1282', '2025-06-12 11:24:21', '2025-06-12 11:24:21');
INSERT INTO `admin_role_users` VALUES ('2', '1283', '2025-06-12 11:24:21', '2025-06-12 11:24:21');
INSERT INTO `admin_role_users` VALUES ('2', '1284', '2025-06-12 11:24:21', '2025-06-12 11:24:21');
INSERT INTO `admin_role_users` VALUES ('2', '1285', '2025-06-12 11:24:21', '2025-06-12 11:24:21');
INSERT INTO `admin_role_users` VALUES ('2', '1286', '2025-06-12 11:24:21', '2025-06-12 11:24:21');
INSERT INTO `admin_role_users` VALUES ('2', '1287', '2025-06-12 11:24:21', '2025-06-12 11:24:21');
INSERT INTO `admin_role_users` VALUES ('2', '1288', '2025-06-12 11:24:21', '2025-06-12 11:24:21');
INSERT INTO `admin_role_users` VALUES ('2', '1289', '2025-06-12 11:24:21', '2025-06-12 11:24:21');
INSERT INTO `admin_role_users` VALUES ('2', '1290', '2025-06-12 11:24:21', '2025-06-12 11:24:21');
INSERT INTO `admin_role_users` VALUES ('2', '1291', '2025-06-12 11:24:21', '2025-06-12 11:24:21');
INSERT INTO `admin_role_users` VALUES ('2', '1292', '2025-06-12 11:24:21', '2025-06-12 11:24:21');
INSERT INTO `admin_role_users` VALUES ('2', '1293', '2025-06-12 11:24:21', '2025-06-12 11:24:21');
INSERT INTO `admin_role_users` VALUES ('2', '1294', '2025-06-12 11:24:22', '2025-06-12 11:24:22');
INSERT INTO `admin_role_users` VALUES ('2', '1295', '2025-06-12 11:24:22', '2025-06-12 11:24:22');
INSERT INTO `admin_role_users` VALUES ('2', '1296', '2025-06-12 11:24:22', '2025-06-12 11:24:22');
INSERT INTO `admin_role_users` VALUES ('2', '1297', '2025-06-12 11:24:22', '2025-06-12 11:24:22');
INSERT INTO `admin_role_users` VALUES ('2', '1298', '2025-06-12 11:24:22', '2025-06-12 11:24:22');
INSERT INTO `admin_role_users` VALUES ('2', '1299', '2025-06-12 11:24:22', '2025-06-12 11:24:22');
INSERT INTO `admin_role_users` VALUES ('2', '1300', '2025-06-12 11:24:22', '2025-06-12 11:24:22');
INSERT INTO `admin_role_users` VALUES ('2', '1301', '2025-06-12 11:24:22', '2025-06-12 11:24:22');
INSERT INTO `admin_role_users` VALUES ('2', '1302', '2025-06-12 11:24:22', '2025-06-12 11:24:22');
INSERT INTO `admin_role_users` VALUES ('2', '1303', '2025-06-12 11:24:22', '2025-06-12 11:24:22');
INSERT INTO `admin_role_users` VALUES ('2', '1304', '2025-06-12 11:24:22', '2025-06-12 11:24:22');
INSERT INTO `admin_role_users` VALUES ('2', '1305', '2025-06-12 11:24:22', '2025-06-12 11:24:22');
INSERT INTO `admin_role_users` VALUES ('2', '1306', '2025-06-12 11:24:22', '2025-06-12 11:24:22');
INSERT INTO `admin_role_users` VALUES ('2', '1307', '2025-06-12 11:24:22', '2025-06-12 11:24:22');
INSERT INTO `admin_role_users` VALUES ('2', '1308', '2025-06-12 11:24:22', '2025-06-12 11:24:22');
INSERT INTO `admin_role_users` VALUES ('2', '1309', '2025-06-12 11:24:22', '2025-06-12 11:24:22');
INSERT INTO `admin_role_users` VALUES ('2', '1310', '2025-06-12 11:24:22', '2025-06-12 11:24:22');
INSERT INTO `admin_role_users` VALUES ('2', '1311', '2025-06-12 11:24:23', '2025-06-12 11:24:23');
INSERT INTO `admin_role_users` VALUES ('2', '1312', '2025-06-12 11:24:23', '2025-06-12 11:24:23');
INSERT INTO `admin_role_users` VALUES ('2', '1313', '2025-06-12 11:24:23', '2025-06-12 11:24:23');
INSERT INTO `admin_role_users` VALUES ('2', '1314', '2025-06-12 11:24:23', '2025-06-12 11:24:23');
INSERT INTO `admin_role_users` VALUES ('2', '1315', '2025-06-12 11:24:23', '2025-06-12 11:24:23');
INSERT INTO `admin_role_users` VALUES ('2', '1316', '2025-06-12 11:24:23', '2025-06-12 11:24:23');
INSERT INTO `admin_role_users` VALUES ('2', '1317', '2025-06-12 11:24:23', '2025-06-12 11:24:23');
INSERT INTO `admin_role_users` VALUES ('2', '1318', '2025-06-12 11:24:23', '2025-06-12 11:24:23');
INSERT INTO `admin_role_users` VALUES ('2', '1319', '2025-06-12 11:24:23', '2025-06-12 11:24:23');
INSERT INTO `admin_role_users` VALUES ('2', '1320', '2025-06-12 11:24:23', '2025-06-12 11:24:23');
INSERT INTO `admin_role_users` VALUES ('2', '1321', '2025-06-12 11:24:23', '2025-06-12 11:24:23');
INSERT INTO `admin_role_users` VALUES ('2', '1322', '2025-06-12 11:24:23', '2025-06-12 11:24:23');
INSERT INTO `admin_role_users` VALUES ('2', '1323', '2025-06-12 11:24:23', '2025-06-12 11:24:23');
INSERT INTO `admin_role_users` VALUES ('2', '1324', '2025-06-12 11:24:23', '2025-06-12 11:24:23');
INSERT INTO `admin_role_users` VALUES ('2', '1325', '2025-06-12 11:24:23', '2025-06-12 11:24:23');
INSERT INTO `admin_role_users` VALUES ('2', '1326', '2025-06-12 11:24:23', '2025-06-12 11:24:23');
INSERT INTO `admin_role_users` VALUES ('2', '1327', '2025-06-12 11:24:23', '2025-06-12 11:24:23');
INSERT INTO `admin_role_users` VALUES ('2', '1328', '2025-06-12 11:24:24', '2025-06-12 11:24:24');
INSERT INTO `admin_role_users` VALUES ('2', '1329', '2025-06-12 11:24:24', '2025-06-12 11:24:24');
INSERT INTO `admin_role_users` VALUES ('2', '1330', '2025-06-12 11:24:24', '2025-06-12 11:24:24');
INSERT INTO `admin_role_users` VALUES ('2', '1331', '2025-06-12 11:24:24', '2025-06-12 11:24:24');
INSERT INTO `admin_role_users` VALUES ('2', '1332', '2025-06-12 11:24:24', '2025-06-12 11:24:24');
INSERT INTO `admin_role_users` VALUES ('2', '1333', '2025-06-12 11:24:24', '2025-06-12 11:24:24');
INSERT INTO `admin_role_users` VALUES ('2', '1334', '2025-06-12 11:24:24', '2025-06-12 11:24:24');
INSERT INTO `admin_role_users` VALUES ('2', '1335', '2025-06-12 11:24:24', '2025-06-12 11:24:24');

-- ----------------------------
-- Table structure for admin_settings
-- ----------------------------
CREATE TABLE `admin_settings` (
  `slug` varchar(100) COLLATE utf8mb4_unicode_ci NOT NULL,
  `value` longtext COLLATE utf8mb4_unicode_ci NOT NULL,
  `created_at` timestamp NULL DEFAULT NULL,
  `updated_at` timestamp NULL DEFAULT NULL,
  PRIMARY KEY (`slug`)
) ENGINE=MyISAM DEFAULT CHARSET=utf8mb4 COLLATE=utf8mb4_unicode_ci;

-- ----------------------------
-- Table structure for failed_jobs
-- ----------------------------
CREATE TABLE `failed_jobs` (
  `id` bigint(20) unsigned NOT NULL AUTO_INCREMENT,
  `uuid` varchar(191) COLLATE utf8mb4_unicode_ci NOT NULL,
  `connection` text COLLATE utf8mb4_unicode_ci NOT NULL,
  `queue` text COLLATE utf8mb4_unicode_ci NOT NULL,
  `payload` longtext COLLATE utf8mb4_unicode_ci NOT NULL,
  `exception` longtext COLLATE utf8mb4_unicode_ci NOT NULL,
  `failed_at` timestamp NOT NULL DEFAULT CURRENT_TIMESTAMP,
  PRIMARY KEY (`id`),
  UNIQUE KEY `failed_jobs_uuid_unique` (`uuid`)
) ENGINE=MyISAM DEFAULT CHARSET=utf8mb4 COLLATE=utf8mb4_unicode_ci;

-- ----------------------------
-- Records of failed_jobs
-- ----------------------------

-- ----------------------------
-- Table structure for migrations
-- ----------------------------
CREATE TABLE `migrations` (
  `id` int(10) unsigned NOT NULL AUTO_INCREMENT,
  `migration` varchar(191) COLLATE utf8mb4_unicode_ci NOT NULL,
  `batch` int(11) NOT NULL,
  PRIMARY KEY (`id`)
) ENGINE=MyISAM AUTO_INCREMENT=9 DEFAULT CHARSET=utf8mb4 COLLATE=utf8mb4_unicode_ci;

-- ----------------------------
-- Records of migrations
-- ----------------------------
INSERT INTO `migrations` VALUES ('1', '2014_10_12_000000_create_users_table', '1');
INSERT INTO `migrations` VALUES ('2', '2014_10_12_100000_create_password_resets_table', '1');
INSERT INTO `migrations` VALUES ('3', '2016_01_04_173148_create_admin_tables', '1');
INSERT INTO `migrations` VALUES ('4', '2019_08_19_000000_create_failed_jobs_table', '1');
INSERT INTO `migrations` VALUES ('5', '2019_12_14_000001_create_personal_access_tokens_table', '1');
INSERT INTO `migrations` VALUES ('6', '2020_09_07_090635_create_admin_settings_table', '1');
INSERT INTO `migrations` VALUES ('7', '2020_09_22_015815_create_admin_extensions_table', '1');
INSERT INTO `migrations` VALUES ('8', '2020_11_01_083237_update_admin_menu_table', '1');

-- ----------------------------
-- Records of users
-- ----------------------------
